{"id":115683,"date":"2022-10-18T09:50:24","date_gmt":"2022-10-18T12:50:24","guid":{"rendered":"https:\/\/fpabramo.org.br\/episodio\/07-luta-pela-terra-entrevista-com-clifford-andrew-welch\/"},"modified":"2026-03-14T16:48:42","modified_gmt":"2026-03-14T19:48:42","slug":"07-luta-pela-terra-entrevista-com-clifford-andrew-welch","status":"publish","type":"episodio","link":"https:\/\/fpabramo.org.br\/es\/episodio\/07-luta-pela-terra-entrevista-com-clifford-andrew-welch\/","title":{"rendered":"07 | Lucha por la tierra: entrevista con Clifford Andrew Welch"},"content":{"rendered":"<p>El episodio n.\u00b0 07 del podcast 200 A\u00f1os de Lucha entrevista a Clifford Andrew Welch, doctor en Historia y profesor de la Universidad Federal de S\u00e3o Paulo (Unifesp), quien analiza la lucha por la tierra en Brasil, la Ley de Tierras, la expropiaci\u00f3n material y simb\u00f3lica de pueblos ind\u00edgenas, poblaciones tradicionales y comunidades campesinas, la resistencia y la violencia.<\/p>\n<p>Esc\u00fachalo en el reproductor a continuaci\u00f3n, en Spotify o haz clic en el enlace de tu plataforma preferida:<\/p>\n<p><iframe loading=\"lazy\" style=\"border-radius: 12px;\" src=\"https:\/\/open.spotify.com\/embed\/episode\/44YhcXnCqfqLVUMz4hFhiL?utm_source=generator&amp;theme=0\" width=\"100%\" height=\"352\" frameborder=\"0\" allowfullscreen=\"allowfullscreen\"><\/iframe><\/p>\n<ul>\n<li><a href=\"https:\/\/open.spotify.com\/episode\/44YhcXnCqfqLVUMz4hFhiL?si=H-pOD0qUSO6z1EMadmzWKA\" target=\"_blank\" rel=\"noopener\">Spotify<\/a><\/li>\n<li><a href=\"https:\/\/deezer.page.link\/wUpK69HpnuNcvjgU7\" target=\"_blank\" rel=\"noopener\">Deezer<\/a><\/li>\n<li><a href=\"https:\/\/podcasts.google.com\/feed\/aHR0cHM6Ly9hbmNob3IuZm0vcy9iNTJkZTllYy9wb2RjYXN0L3Jzcw\/episode\/OGU1NzRiY2ItOTQ0NC00OGFjLWE5MDEtNDNhMjA3Y2MzYzcy?sa=X&amp;ved=0CAgQuIEEahcKEwjAn7O7sPD6AhUAAAAAHQAAAAAQLA\" target=\"_blank\" rel=\"noopener\">Google Podcasts<\/a><\/li>\n<li><a href=\"https:\/\/spotifyanchor-web.app.link\/e\/S2CqUL64dub\" target=\"_blank\" rel=\"noopener\">Anchor<\/a><\/li>\n<li><a href=\"https:\/\/music.amazon.com.br\/podcasts\/e7343807-9a67-491f-a4d5-609b70ebef21\/episodes\/9a73738d-6c8d-4606-922d-de23911d1d03\/200-anos-de-luta-07-luta-pela-terra-entrevista-com-clifford-andrew-welch\" target=\"_blank\" rel=\"noopener\">Amazon Music<\/a><\/li>\n<li><a href=\"https:\/\/castbox.fm\/episode\/07-|-Luta-pela-terra%3A-entrevista-com-Clifford-Andrew-Welch-id5081070-id541245992?utm_source=podcaster&amp;utm_medium=dlink&amp;utm_campaign=c_5081070&amp;utm_content=200%20Anos%20de%20Luta-CastBox_FM\" target=\"_blank\" rel=\"noopener\">Castbox<\/a><\/li>\n<\/ul>\n","protected":false},"excerpt":{"rendered":"<p>El episodio n.\u00b0 07 del podcast 200 A\u00f1os de Lucha entrevista a Clifford Andrew Welch, doctor en Historia y profesor de la Universidad Federal de S\u00e3o Paulo (Unifesp), quien analiza la lucha por la tierra en Brasil, la Ley de Tierras, la expropiaci\u00f3n material y simb\u00f3lica de pueblos ind\u00edgenas, poblaciones tradicionales y comunidades campesinas, la [&hellip;]<\/p>\n","protected":false},"author":42,"featured_media":115685,"template":"","categories":[],"tags":[],"area":[6487],"formato":[],"projeto":[],"tema":[],"tipo_material":[],"coauthors":[6859],"class_list":["post-115683","episodio","type-episodio","status-publish","has-post-thumbnail","hentry","area-site-principal"],"_links":{"self":[{"href":"https:\/\/fpabramo.org.br\/es\/wp-json\/wp\/v2\/episodio\/115683","targetHints":{"allow":["GET"]}}],"collection":[{"href":"https:\/\/fpabramo.org.br\/es\/wp-json\/wp\/v2\/episodio"}],"about":[{"href":"https:\/\/fpabramo.org.br\/es\/wp-json\/wp\/v2\/types\/episodio"}],"author":[{"embeddable":true,"href":"https:\/\/fpabramo.org.br\/es\/wp-json\/wp\/v2\/users\/42"}],"version-history":[{"count":0,"href":"https:\/\/fpabramo.org.br\/es\/wp-json\/wp\/v2\/episodio\/115683\/revisions"}],"wp:featuredmedia":[{"embeddable":true,"href":"https:\/\/fpabramo.org.br\/es\/wp-json\/wp\/v2\/media\/115685"}],"wp:attachment":[{"href":"https:\/\/fpabramo.org.br\/es\/wp-json\/wp\/v2\/media?parent=115683"}],"wp:term":[{"taxonomy":"category","embeddable":true,"href":"https:\/\/fpabramo.org.br\/es\/wp-json\/wp\/v2\/categories?post=115683"},{"taxonomy":"post_tag","embeddable":true,"href":"https:\/\/fpabramo.org.br\/es\/wp-json\/wp\/v2\/tags?post=115683"},{"taxonomy":"area","embeddable":true,"href":"https:\/\/fpabramo.org.br\/es\/wp-json\/wp\/v2\/area?post=115683"},{"taxonomy":"formato","embeddable":true,"href":"https:\/\/fpabramo.org.br\/es\/wp-json\/wp\/v2\/formato?post=115683"},{"taxonomy":"projeto","embeddable":true,"href":"https:\/\/fpabramo.org.br\/es\/wp-json\/wp\/v2\/projeto?post=115683"},{"taxonomy":"tema","embeddable":true,"href":"https:\/\/fpabramo.org.br\/es\/wp-json\/wp\/v2\/tema?post=115683"},{"taxonomy":"tipo_material","embeddable":true,"href":"https:\/\/fpabramo.org.br\/es\/wp-json\/wp\/v2\/tipo_material?post=115683"},{"taxonomy":"author","embeddable":true,"href":"https:\/\/fpabramo.org.br\/es\/wp-json\/wp\/v2\/coauthors?post=115683"}],"curies":[{"name":"wp","href":"https:\/\/api.w.org\/{rel}","templated":true}]}}

<p>El episodio n.° 07 del podcast 200 Años de Lucha entrevista a Clifford Andrew Welch, doctor en Historia y profesor de la Universidad Federal de São Paulo (Unifesp), quien analiza la lucha por la tierra en Brasil, la Ley de Tierras, la expropiación material y simbólica de pueblos indígenas, poblaciones tradicionales y comunidades campesinas, la resistencia y la violencia.</p>
<p>Escúchalo en el reproductor a continuación, en Spotify o haz clic en el enlace de tu plataforma preferida:</p>
<p><iframe loading="lazy" style="border-radius: 12px;" src="https://open.spotify.com/embed/episode/44YhcXnCqfqLVUMz4hFhiL?utm_source=generator&amp;theme=0" width="100%" height="352" frameborder="0" allowfullscreen="allowfullscreen"></iframe></p>
<ul>
<li><a href="https://open.spotify.com/episode/44YhcXnCqfqLVUMz4hFhiL?si=H-pOD0qUSO6z1EMadmzWKA" target="_blank" rel="noopener">Spotify</a></li>
<li><a href="https://deezer.page.link/wUpK69HpnuNcvjgU7" target="_blank" rel="noopener">Deezer</a></li>
<li><a href="https://podcasts.google.com/feed/aHR0cHM6Ly9hbmNob3IuZm0vcy9iNTJkZTllYy9wb2RjYXN0L3Jzcw/episode/OGU1NzRiY2ItOTQ0NC00OGFjLWE5MDEtNDNhMjA3Y2MzYzcy?sa=X&amp;ved=0CAgQuIEEahcKEwjAn7O7sPD6AhUAAAAAHQAAAAAQLA" target="_blank" rel="noopener">Google Podcasts</a></li>
<li><a href="https://spotifyanchor-web.app.link/e/S2CqUL64dub" target="_blank" rel="noopener">Anchor</a></li>
<li><a href="https://music.amazon.com.br/podcasts/e7343807-9a67-491f-a4d5-609b70ebef21/episodes/9a73738d-6c8d-4606-922d-de23911d1d03/200-anos-de-luta-07-luta-pela-terra-entrevista-com-clifford-andrew-welch" target="_blank" rel="noopener">Amazon Music</a></li>
<li><a href="https://castbox.fm/episode/07-|-Luta-pela-terra%3A-entrevista-com-Clifford-Andrew-Welch-id5081070-id541245992?utm_source=podcaster&amp;utm_medium=dlink&amp;utm_campaign=c_5081070&amp;utm_content=200%20Anos%20de%20Luta-CastBox_FM" target="_blank" rel="noopener">Castbox</a></li>
</ul>

<p>El episodio n.° 07 del podcast 200 Años de Lucha entrevista a Clifford Andrew Welch, doctor en Historia y profesor de la Universidad Federal de São Paulo (Unifesp), quien analiza la lucha por la tierra en Brasil, la Ley de Tierras, la expropiación material y simbólica de pueblos indígenas, poblaciones tradicionales y comunidades campesinas, la [&hellip;]</p>
