{"id":115673,"date":"2022-11-08T16:26:30","date_gmt":"2022-11-08T19:26:30","guid":{"rendered":"https:\/\/fpabramo.org.br\/episodio\/10-primeira-greve-geral-do-brasil-1917-entrevista-com-luigi-biondi\/"},"modified":"2026-03-14T16:48:38","modified_gmt":"2026-03-14T19:48:38","slug":"10-primeira-greve-geral-do-brasil-1917-entrevista-com-luigi-biondi","status":"publish","type":"episodio","link":"https:\/\/fpabramo.org.br\/es\/episodio\/10-primeira-greve-geral-do-brasil-1917-entrevista-com-luigi-biondi\/","title":{"rendered":"10 | Primeira greve geral do Brasil &#8211; 1917: entrevista con Luigi Biondi"},"content":{"rendered":"<p>El episodio #10 del podcast 200 a\u00f1os de luta entrevista al historiador Luigi Biondi, profesor de la Universidad Federal de S\u00e3o Paulo, que fala sobre una organizaci\u00f3n sindical y la participaci\u00f3n de mujeres e inmigrantes nas lutas populares em prol de direitos trabalhistas.<\/p>\n<p>No baje ning\u00fan reproductor, ni Spotify, ni haga clic en seguir ning\u00fan enlace para su plataforma preferida:<\/p>\n<p><iframe loading=\"lazy\" style=\"border-radius: 12px;\" src=\"https:\/\/open.spotify.com\/embed\/episode\/3FydbYpMByqvkAAHZOEX3L?utm_source=generator&amp;theme=0\" width=\"100%\" height=\"352\" frameborder=\"0\" allowfullscreen=\"allowfullscreen\"><\/iframe><\/p>\n<ul>\n<li><a href=\"https:\/\/open.spotify.com\/episode\/3FydbYpMByqvkAAHZOEX3L?si=42006e934c08461a\" target=\"_blank\" rel=\"noopener\">Spotify<\/a><\/li>\n<li><a href=\"https:\/\/deezer.page.link\/STcUqpw4Z2KNP7b48\" target=\"_blank\" rel=\"noopener\">Deezer<\/a><\/li>\n<li><a href=\"https:\/\/podcasts.google.com\/feed\/aHR0cHM6Ly9hbmNob3IuZm0vcy9iNTJkZTllYy9wb2RjYXN0L3Jzcw\/episode\/YzNhYzE5YjYtOTA1OS00OWVhLThmNjktOTM0ZjdkOWJkZTNj?sa=X&amp;ved=0CAUQkfYCahcKEwi42f6ep5_7AhUAAAAAHQAAAAAQAQ\" target=\"_blank\" rel=\"noopener\">Google Podcasts<\/a><\/li>\n<li><a href=\"https:\/\/spotifyanchor-web.app.link\/e\/6hIl75ymNub\" target=\"_blank\" rel=\"noopener\">Anchor<\/a><\/li>\n<li><a href=\"https:\/\/music.amazon.com.br\/podcasts\/e7343807-9a67-491f-a4d5-609b70ebef21\/episodes\/5a3467b5-ce67-4cf5-b7d3-9121965deaa6\/200-anos-de-luta-10-primeira-greve-geral-do-brasil---1917-entrevista-com-luigi-biondi\" target=\"_blank\" rel=\"noopener\">Amazon Music<\/a><\/li>\n<li><a href=\"https:\/\/castbox.fm\/episode\/10-|-Primeira-greve-geral-do-Brasil---1917%3A-entrevista-com-Luigi-Biondi-id5081070-id546537347?utm_source=podcaster&amp;utm_medium=dlink&amp;utm_campaign=c_5081070&amp;utm_content=200%20Anos%20de%20Luta-CastBox_FM\" target=\"_blank\" rel=\"noopener\">Castbox<\/a><\/li>\n<\/ul>\n","protected":false},"excerpt":{"rendered":"<p>El episodio #10 del podcast 200 a\u00f1os de luta entrevista al historiador Luigi Biondi, profesor de la Universidad Federal de S\u00e3o Paulo, que fala sobre una organizaci\u00f3n sindical y la participaci\u00f3n de mujeres e inmigrantes nas lutas populares em prol de direitos trabalhistas. No baje ning\u00fan reproductor, ni Spotify, ni haga clic en seguir ning\u00fan [&hellip;]<\/p>\n","protected":false},"author":42,"featured_media":115675,"template":"","categories":[],"tags":[],"area":[6487],"formato":[],"projeto":[],"tema":[],"tipo_material":[],"coauthors":[6859],"class_list":["post-115673","episodio","type-episodio","status-publish","has-post-thumbnail","hentry","area-site-principal"],"_links":{"self":[{"href":"https:\/\/fpabramo.org.br\/es\/wp-json\/wp\/v2\/episodio\/115673","targetHints":{"allow":["GET"]}}],"collection":[{"href":"https:\/\/fpabramo.org.br\/es\/wp-json\/wp\/v2\/episodio"}],"about":[{"href":"https:\/\/fpabramo.org.br\/es\/wp-json\/wp\/v2\/types\/episodio"}],"author":[{"embeddable":true,"href":"https:\/\/fpabramo.org.br\/es\/wp-json\/wp\/v2\/users\/42"}],"version-history":[{"count":0,"href":"https:\/\/fpabramo.org.br\/es\/wp-json\/wp\/v2\/episodio\/115673\/revisions"}],"wp:featuredmedia":[{"embeddable":true,"href":"https:\/\/fpabramo.org.br\/es\/wp-json\/wp\/v2\/media\/115675"}],"wp:attachment":[{"href":"https:\/\/fpabramo.org.br\/es\/wp-json\/wp\/v2\/media?parent=115673"}],"wp:term":[{"taxonomy":"category","embeddable":true,"href":"https:\/\/fpabramo.org.br\/es\/wp-json\/wp\/v2\/categories?post=115673"},{"taxonomy":"post_tag","embeddable":true,"href":"https:\/\/fpabramo.org.br\/es\/wp-json\/wp\/v2\/tags?post=115673"},{"taxonomy":"area","embeddable":true,"href":"https:\/\/fpabramo.org.br\/es\/wp-json\/wp\/v2\/area?post=115673"},{"taxonomy":"formato","embeddable":true,"href":"https:\/\/fpabramo.org.br\/es\/wp-json\/wp\/v2\/formato?post=115673"},{"taxonomy":"projeto","embeddable":true,"href":"https:\/\/fpabramo.org.br\/es\/wp-json\/wp\/v2\/projeto?post=115673"},{"taxonomy":"tema","embeddable":true,"href":"https:\/\/fpabramo.org.br\/es\/wp-json\/wp\/v2\/tema?post=115673"},{"taxonomy":"tipo_material","embeddable":true,"href":"https:\/\/fpabramo.org.br\/es\/wp-json\/wp\/v2\/tipo_material?post=115673"},{"taxonomy":"author","embeddable":true,"href":"https:\/\/fpabramo.org.br\/es\/wp-json\/wp\/v2\/coauthors?post=115673"}],"curies":[{"name":"wp","href":"https:\/\/api.w.org\/{rel}","templated":true}]}}

<p>El episodio #10 del podcast 200 años de luta entrevista al historiador Luigi Biondi, profesor de la Universidad Federal de São Paulo, que fala sobre una organización sindical y la participación de mujeres e inmigrantes nas lutas populares em prol de direitos trabalhistas.</p>
<p>No baje ningún reproductor, ni Spotify, ni haga clic en seguir ningún enlace para su plataforma preferida:</p>
<p><iframe loading="lazy" style="border-radius: 12px;" src="https://open.spotify.com/embed/episode/3FydbYpMByqvkAAHZOEX3L?utm_source=generator&amp;theme=0" width="100%" height="352" frameborder="0" allowfullscreen="allowfullscreen"></iframe></p>
<ul>
<li><a href="https://open.spotify.com/episode/3FydbYpMByqvkAAHZOEX3L?si=42006e934c08461a" target="_blank" rel="noopener">Spotify</a></li>
<li><a href="https://deezer.page.link/STcUqpw4Z2KNP7b48" target="_blank" rel="noopener">Deezer</a></li>
<li><a href="https://podcasts.google.com/feed/aHR0cHM6Ly9hbmNob3IuZm0vcy9iNTJkZTllYy9wb2RjYXN0L3Jzcw/episode/YzNhYzE5YjYtOTA1OS00OWVhLThmNjktOTM0ZjdkOWJkZTNj?sa=X&amp;ved=0CAUQkfYCahcKEwi42f6ep5_7AhUAAAAAHQAAAAAQAQ" target="_blank" rel="noopener">Google Podcasts</a></li>
<li><a href="https://spotifyanchor-web.app.link/e/6hIl75ymNub" target="_blank" rel="noopener">Anchor</a></li>
<li><a href="https://music.amazon.com.br/podcasts/e7343807-9a67-491f-a4d5-609b70ebef21/episodes/5a3467b5-ce67-4cf5-b7d3-9121965deaa6/200-anos-de-luta-10-primeira-greve-geral-do-brasil---1917-entrevista-com-luigi-biondi" target="_blank" rel="noopener">Amazon Music</a></li>
<li><a href="https://castbox.fm/episode/10-|-Primeira-greve-geral-do-Brasil---1917%3A-entrevista-com-Luigi-Biondi-id5081070-id546537347?utm_source=podcaster&amp;utm_medium=dlink&amp;utm_campaign=c_5081070&amp;utm_content=200%20Anos%20de%20Luta-CastBox_FM" target="_blank" rel="noopener">Castbox</a></li>
</ul>

<p>El episodio #10 del podcast 200 años de luta entrevista al historiador Luigi Biondi, profesor de la Universidad Federal de São Paulo, que fala sobre una organización sindical y la participación de mujeres e inmigrantes nas lutas populares em prol de direitos trabalhistas. No baje ningún reproductor, ni Spotify, ni haga clic en seguir ningún [&hellip;]</p>
