{"id":115755,"date":"2025-08-20T13:35:44","date_gmt":"2025-08-20T16:35:44","guid":{"rendered":"https:\/\/fpabramo.org.br\/video\/janela-internacional-123-reuniao-putin-trump-palestina-e-convencao-do-dsa\/"},"modified":"2026-06-19T10:41:06","modified_gmt":"2026-06-19T13:41:06","slug":"janela-internacional-123-reuniao-putin-trump-palestina-e-convencao-do-dsa","status":"publish","type":"video","link":"https:\/\/fpabramo.org.br\/en\/video\/janela-internacional-123-reuniao-putin-trump-palestina-e-convencao-do-dsa\/","title":{"rendered":"Janela Internacional #|123 | Reuni\u00e3o Putin-Trump, Palestina e conven\u00e7\u00e3o do DSA"},"content":{"rendered":"","protected":false},"excerpt":{"rendered":"","protected":false},"author":63,"featured_media":188721,"template":"","area":[122],"projeto":[],"tema":[208],"coauthors":[454],"class_list":["post-115755","video","type-video","status-publish","has-post-thumbnail","hentry","area-cooperacao-internacional","tema-international"],"_links":{"self":[{"href":"https:\/\/fpabramo.org.br\/en\/wp-json\/wp\/v2\/video\/115755","targetHints":{"allow":["GET"]}}],"collection":[{"href":"https:\/\/fpabramo.org.br\/en\/wp-json\/wp\/v2\/video"}],"about":[{"href":"https:\/\/fpabramo.org.br\/en\/wp-json\/wp\/v2\/types\/video"}],"author":[{"embeddable":true,"href":"https:\/\/fpabramo.org.br\/en\/wp-json\/wp\/v2\/users\/63"}],"version-history":[{"count":1,"href":"https:\/\/fpabramo.org.br\/en\/wp-json\/wp\/v2\/video\/115755\/revisions"}],"predecessor-version":[{"id":189242,"href":"https:\/\/fpabramo.org.br\/en\/wp-json\/wp\/v2\/video\/115755\/revisions\/189242"}],"wp:featuredmedia":[{"embeddable":true,"href":"https:\/\/fpabramo.org.br\/en\/wp-json\/wp\/v2\/media\/188721"}],"wp:attachment":[{"href":"https:\/\/fpabramo.org.br\/en\/wp-json\/wp\/v2\/media?parent=115755"}],"wp:term":[{"taxonomy":"area","embeddable":true,"href":"https:\/\/fpabramo.org.br\/en\/wp-json\/wp\/v2\/area?post=115755"},{"taxonomy":"projeto","embeddable":true,"href":"https:\/\/fpabramo.org.br\/en\/wp-json\/wp\/v2\/projeto?post=115755"},{"taxonomy":"tema","embeddable":true,"href":"https:\/\/fpabramo.org.br\/en\/wp-json\/wp\/v2\/tema?post=115755"},{"taxonomy":"author","embeddable":true,"href":"https:\/\/fpabramo.org.br\/en\/wp-json\/wp\/v2\/coauthors?post=115755"}],"curies":[{"name":"wp","href":"https:\/\/api.w.org\/{rel}","templated":true}]}}

Janela Internacional #|123 | Reunião Putin-Trump, Palestina e convenção do DSA
