{"id":136159,"date":"2023-08-21T12:57:15","date_gmt":"2023-08-21T15:57:15","guid":{"rendered":"https:\/\/fpabramo.org.br\/sobre-cooperacao-internacional\/"},"modified":"2026-03-16T13:32:20","modified_gmt":"2026-03-16T16:32:20","slug":"sobre-cooperacao-internacional","status":"publish","type":"page","link":"https:\/\/fpabramo.org.br\/en\/cooperacao-internacional\/sobre-cooperacao-internacional\/","title":{"rendered":"Sobre Coopera\u00e7\u00e3o Internacional"},"content":{"rendered":"\n<h2 class=\"wp-block-heading has-text-align-center page-title\" id=\"h-sobre-a-cooperacao-internacional\">About International Cooperation<\/h2>\n\n\n\n<div class=\"wp-block-cover alignfull is-light\"><span aria-hidden=\"true\" class=\"wp-block-cover__background has-high-light-background-color has-background-dim-100 has-background-dim\"><\/span><div class=\"wp-block-cover__inner-container is-layout-flow wp-block-cover-is-layout-flow\">\n<div class=\"wp-block-columns is-layout-flex wp-container-core-columns-is-layout-28f84493 wp-block-columns-is-layout-flex\">\n<div class=\"wp-block-column sobre-content-inicio is-layout-flow wp-block-column-is-layout-flow\" style=\"flex-basis:52%\">\n<h3 class=\"wp-block-heading has-text-align-left\" id=\"h-apresentacao-do-nucleo-de-cooperacao-internacional\"><strong>Presentation of the International Cooperation Center<\/strong><\/h3>\n\n\n\n<figure class=\"wp-block-image aligncenter size-large is-resized\"><img decoding=\"async\" src=\"https:\/\/fpabramo.org.br\/wp-content\/uploads\/2023\/11\/97-Torres-Garcia-America-Inverted-810x1024.jpg\" alt=\"\" class=\"wp-image-642\" style=\"width:423px;height:auto\"\/><figcaption class=\"wp-element-caption\">Joaqu\u00edn Torres-Garc\u00eda, Inverted America, 1943, ink on paper, 22 x 16 cm (Fundaci\u00f3n Torres Garc\u00eda, Montevideo)<\/figcaption><\/figure>\n\n\n\n<p class=\"has-text-align-center\">Created in 2003, the International Cooperation Center of the Perseu Abramo Foundation aims to stimulate and foster political debate on major world issues, on the foreign policy of the Workers&#8217; Party governments, as well as on the international policy of left-wing and progressive parties, especially in Latin America and the Caribbean.<\/p>\n\n\n\n<p class=\"has-text-align-center\">Its work focuses on establishing, expanding, and deepening exchange and cooperation relationships with similar institutions, especially in the exchange of ideas and experiences.<\/p>\n\n\n\n<p class=\"has-text-align-center\">To achieve this goal, the International Cooperation Center (NCI) carries out multiple activities \u2013 including conferences, seminars, courses, debates, publication of texts, exchange trips, etc. \u2013 whenever possible in cooperation with foundations, academic institutions, and national and international study and research organizations.<\/p>\n\n\n\n<p class=\"has-text-align-center\">Team<\/p>\n\n\n\n<p class=\"has-text-align-center\">Valter Pomar, director<\/p>\n\n\n\n<p class=\"has-text-align-center\">Mila Frati, coordnator<\/p>\n\n\n\n<p class=\"has-text-align-center\">Fabio El-Khouri, advisor<\/p>\n\n\n\n<p class=\"has-text-align-center\">Ananda Mendez Inacio, advisor<\/p>\n\n\n\n<p class=\"has-text-align-center\">Contact: <a href=\"mailto:internacional@fpabramo.org.br\">internacional@fpabramo.org.br<\/a><\/p>\n\n\n\n<h2 class=\"wp-block-heading\" id=\"h-acesse-o-canal-da-fundacao-perseu-abramo\">Access the Perseu Abramo Foundation Channel<\/h2>\n\n\n\n<figure class=\"wp-block-embed is-type-video is-provider-youtube wp-block-embed-youtube wp-embed-aspect-16-9 wp-has-aspect-ratio\"><div class=\"wp-block-embed__wrapper\">\n<iframe loading=\"lazy\" title=\"Janela Internacional #1 | Plano de trabalho da diretoria de Coopera\u00e7\u00e3o Internacional da FPA\" width=\"500\" height=\"281\" src=\"https:\/\/www.youtube.com\/embed\/ijya3oSMB-8?feature=oembed\" frameborder=\"0\" allow=\"accelerometer; autoplay; clipboard-write; encrypted-media; gyroscope; picture-in-picture; web-share\" referrerpolicy=\"strict-origin-when-cross-origin\" allowfullscreen><\/iframe>\n<\/div><\/figure>\n<\/div>\n<\/div>\n<\/div><\/div>\n\n\n\n<div class=\"wp-block-cover alignfull is-light\"><span aria-hidden=\"true\" class=\"wp-block-cover__background has-high-light-background-color has-background-dim-100 has-background-dim\"><\/span><div class=\"wp-block-cover__inner-container is-layout-flow wp-block-cover-is-layout-flow\">\n<div class=\"wp-block-columns is-layout-flex wp-container-core-columns-is-layout-28f84493 wp-block-columns-is-layout-flex\">\n<div class=\"wp-block-column sobre-content-fim is-layout-flow wp-block-column-is-layout-flow\" style=\"flex-basis:52%\">\n<div class=\"wp-block-columns colunas-equipe-a is-layout-flex wp-container-core-columns-is-layout-28f84493 wp-block-columns-is-layout-flex\">\n<div class=\"wp-block-column is-layout-flow wp-block-column-is-layout-flow\"><\/div>\n<\/div>\n\n\n\n<div class=\"wp-block-columns is-layout-flex wp-container-core-columns-is-layout-28f84493 wp-block-columns-is-layout-flex\">\n<div class=\"wp-block-column is-vertically-aligned-top is-layout-flow wp-block-column-is-layout-flow\" style=\"flex-basis:33.33%\">\n<p class=\"share\">COMPARTILHE:<\/p>\n<\/div>\n\n\n\n<div class=\"wp-block-column is-vertically-aligned-center share-links-desktop is-layout-flow wp-block-column-is-layout-flow\" style=\"flex-basis:66.66%\"><p>[share]<\/p>\n<\/div>\n<\/div>\n<\/div>\n<\/div>\n<\/div><\/div>\n","protected":false},"excerpt":{"rendered":"<p>About International Cooperation<\/p>\n","protected":false},"author":1,"featured_media":0,"parent":118713,"menu_order":0,"comment_status":"closed","ping_status":"closed","template":"","meta":{"_eb_attr":"","footnotes":""},"categories":[],"area":[122],"projeto":[],"tema":[],"coauthors":[7007],"class_list":["post-136159","page","type-page","status-publish","hentry","area-cooperacao-internacional"],"_links":{"self":[{"href":"https:\/\/fpabramo.org.br\/en\/wp-json\/wp\/v2\/pages\/136159","targetHints":{"allow":["GET"]}}],"collection":[{"href":"https:\/\/fpabramo.org.br\/en\/wp-json\/wp\/v2\/pages"}],"about":[{"href":"https:\/\/fpabramo.org.br\/en\/wp-json\/wp\/v2\/types\/page"}],"author":[{"embeddable":true,"href":"https:\/\/fpabramo.org.br\/en\/wp-json\/wp\/v2\/users\/1"}],"replies":[{"embeddable":true,"href":"https:\/\/fpabramo.org.br\/en\/wp-json\/wp\/v2\/comments?post=136159"}],"version-history":[{"count":1,"href":"https:\/\/fpabramo.org.br\/en\/wp-json\/wp\/v2\/pages\/136159\/revisions"}],"predecessor-version":[{"id":179294,"href":"https:\/\/fpabramo.org.br\/en\/wp-json\/wp\/v2\/pages\/136159\/revisions\/179294"}],"up":[{"embeddable":true,"href":"https:\/\/fpabramo.org.br\/en\/wp-json\/wp\/v2\/pages\/118713"}],"wp:attachment":[{"href":"https:\/\/fpabramo.org.br\/en\/wp-json\/wp\/v2\/media?parent=136159"}],"wp:term":[{"taxonomy":"category","embeddable":true,"href":"https:\/\/fpabramo.org.br\/en\/wp-json\/wp\/v2\/categories?post=136159"},{"taxonomy":"area","embeddable":true,"href":"https:\/\/fpabramo.org.br\/en\/wp-json\/wp\/v2\/area?post=136159"},{"taxonomy":"projeto","embeddable":true,"href":"https:\/\/fpabramo.org.br\/en\/wp-json\/wp\/v2\/projeto?post=136159"},{"taxonomy":"tema","embeddable":true,"href":"https:\/\/fpabramo.org.br\/en\/wp-json\/wp\/v2\/tema?post=136159"},{"taxonomy":"author","embeddable":true,"href":"https:\/\/fpabramo.org.br\/en\/wp-json\/wp\/v2\/coauthors?post=136159"}],"curies":[{"name":"wp","href":"https:\/\/api.w.org\/{rel}","templated":true}]}}

Sobre Cooperação Internacional

<h2 class="wp-block-heading has-text-align-center page-title" id="h-sobre-a-cooperacao-internacional">About International Cooperation</h2>



<div class="wp-block-cover alignfull is-light"><span aria-hidden="true" class="wp-block-cover__background has-high-light-background-color has-background-dim-100 has-background-dim"></span><div class="wp-block-cover__inner-container is-layout-flow wp-block-cover-is-layout-flow">
<div class="wp-block-columns is-layout-flex wp-container-core-columns-is-layout-28f84493 wp-block-columns-is-layout-flex">
<div class="wp-block-column sobre-content-inicio is-layout-flow wp-block-column-is-layout-flow" style="flex-basis:52%">
<h3 class="wp-block-heading has-text-align-left" id="h-apresentacao-do-nucleo-de-cooperacao-internacional"><strong>Presentation of the International Cooperation Center</strong></h3>



<figure class="wp-block-image aligncenter size-large is-resized"><img decoding="async" src="https://fpabramo.org.br/wp-content/uploads/2023/11/97-Torres-Garcia-America-Inverted-810x1024.jpg" alt="" class="wp-image-642" style="width:423px;height:auto"/><figcaption class="wp-element-caption">Joaquín Torres-García, Inverted America, 1943, ink on paper, 22 x 16 cm (Fundación Torres García, Montevideo)</figcaption></figure>



<p class="has-text-align-center">Created in 2003, the International Cooperation Center of the Perseu Abramo Foundation aims to stimulate and foster political debate on major world issues, on the foreign policy of the Workers&#8217; Party governments, as well as on the international policy of left-wing and progressive parties, especially in Latin America and the Caribbean.</p>



<p class="has-text-align-center">Its work focuses on establishing, expanding, and deepening exchange and cooperation relationships with similar institutions, especially in the exchange of ideas and experiences.</p>



<p class="has-text-align-center">To achieve this goal, the International Cooperation Center (NCI) carries out multiple activities – including conferences, seminars, courses, debates, publication of texts, exchange trips, etc. – whenever possible in cooperation with foundations, academic institutions, and national and international study and research organizations.</p>



<p class="has-text-align-center">Team</p>



<p class="has-text-align-center">Valter Pomar, director</p>



<p class="has-text-align-center">Mila Frati, coordnator</p>



<p class="has-text-align-center">Fabio El-Khouri, advisor</p>



<p class="has-text-align-center">Ananda Mendez Inacio, advisor</p>



<p class="has-text-align-center">Contact: <a href="mailto:internacional@fpabramo.org.br">internacional@fpabramo.org.br</a></p>



<h2 class="wp-block-heading" id="h-acesse-o-canal-da-fundacao-perseu-abramo">Access the Perseu Abramo Foundation Channel</h2>



<figure class="wp-block-embed is-type-video is-provider-youtube wp-block-embed-youtube wp-embed-aspect-16-9 wp-has-aspect-ratio"><div class="wp-block-embed__wrapper">
<iframe loading="lazy" title="Janela Internacional #1 | Plano de trabalho da diretoria de Cooperação Internacional da FPA" width="500" height="281" src="https://www.youtube.com/embed/ijya3oSMB-8?feature=oembed" frameborder="0" allow="accelerometer; autoplay; clipboard-write; encrypted-media; gyroscope; picture-in-picture; web-share" referrerpolicy="strict-origin-when-cross-origin" allowfullscreen></iframe>
</div></figure>
</div>
</div>
</div></div>



<div class="wp-block-cover alignfull is-light"><span aria-hidden="true" class="wp-block-cover__background has-high-light-background-color has-background-dim-100 has-background-dim"></span><div class="wp-block-cover__inner-container is-layout-flow wp-block-cover-is-layout-flow">
<div class="wp-block-columns is-layout-flex wp-container-core-columns-is-layout-28f84493 wp-block-columns-is-layout-flex">
<div class="wp-block-column sobre-content-fim is-layout-flow wp-block-column-is-layout-flow" style="flex-basis:52%">
<div class="wp-block-columns colunas-equipe-a is-layout-flex wp-container-core-columns-is-layout-28f84493 wp-block-columns-is-layout-flex">
<div class="wp-block-column is-layout-flow wp-block-column-is-layout-flow"></div>
</div>



<div class="wp-block-columns is-layout-flex wp-container-core-columns-is-layout-28f84493 wp-block-columns-is-layout-flex">
<div class="wp-block-column is-vertically-aligned-top is-layout-flow wp-block-column-is-layout-flow" style="flex-basis:33.33%">
<p class="share">COMPARTILHE:</p>
</div>



<div class="wp-block-column is-vertically-aligned-center share-links-desktop is-layout-flow wp-block-column-is-layout-flow" style="flex-basis:66.66%"><p>[share]</p>
</div>
</div>
</div>
</div>
</div></div>
