{"id":115684,"date":"2022-09-30T17:28:58","date_gmt":"2022-09-30T20:28:58","guid":{"rendered":"https:\/\/fpabramo.org.br\/episodio\/especial-atmosfera-fascista-em-prol-da-violencia-e-conformismo-entrevista-com-joao-vicente-hadich-ferreira\/"},"modified":"2026-03-14T16:48:45","modified_gmt":"2026-03-14T19:48:45","slug":"especial-atmosfera-fascista-em-prol-da-violencia-e-conformismo-entrevista-com-joao-vicente-hadich-ferreira","status":"publish","type":"episodio","link":"https:\/\/fpabramo.org.br\/en\/episodio\/especial-atmosfera-fascista-em-prol-da-violencia-e-conformismo-entrevista-com-joao-vicente-hadich-ferreira\/","title":{"rendered":"Especial | Atmosfera fascista em prol da viol\u00eancia e conformismo: entrevista com Jo\u00e3o Vicente Hadich Ferreira"},"content":{"rendered":"<p>Este epis\u00f3dio especial do podcast <strong>200 Anos de Luta<\/strong> entrevista o professor Jo\u00e3o Vicente Hadich Ferreira, doutor em Educa\u00e7\u00e3o, que fala sobre a atmosfera fascista em prol da viol\u00eancia e conformismo.<\/p>\n<p>Ou\u00e7a no player abaixo, no Spotify, ou clique a seguir no link para a sua plataforma preferida:<\/p>\n<p><iframe style=\"border-radius:12px\" src=\"https:\/\/open.spotify.com\/embed\/episode\/07QG10sgQhg7oe7nx3DxBs?utm_source=generator&amp;theme=0\" width=\"100%\" height=\"352\" frameBorder=\"0\" allowfullscreen=\"\" allow=\"autoplay; clipboard-write; encrypted-media; fullscreen; picture-in-picture\" loading=\"lazy\"><\/iframe><\/p>\n<ul>\n<li><a href=\"https:\/\/open.spotify.com\/episode\/07QG10sgQhg7oe7nx3DxBs?si=801d9b7f535f4ca6\" target=\"_blank\" rel=\"noopener\">Spotify<\/a><\/li>\n<li><a href=\"https:\/\/deezer.page.link\/QrSt9wn32EJPfJGU8\" target=\"_blank\" rel=\"noopener\">Deezer<\/a><\/li>\n<li><a href=\"https:\/\/podcasts.google.com\/feed\/aHR0cHM6Ly9hbmNob3IuZm0vcy9iNTJkZTllYy9wb2RjYXN0L3Jzcw\/episode\/YjhlN2U5OGQtNGI3NS00MzA0LTlmMDQtYmY5YTAwZTFjZGRk\" target=\"_blank\" rel=\"noopener\">Google Podcasts<\/a><\/li>\n<li><a href=\"https:\/\/spotifyanchor-web.app.link\/e\/urewfrsJKtb\" target=\"_blank\" rel=\"noopener\">Anchor<\/a><\/li>\n<li><a href=\"https:\/\/music.amazon.com.br\/podcasts\/e7343807-9a67-491f-a4d5-609b70ebef21\/episodes\/cbc61ed7-1586-46b1-bf8d-39801b98d649\/200-anos-de-luta-especial-atmosfera-fascista-em-prol-da-viol%C3%AAncia-e-conformismo-entrevista-com-jo%C3%A3o-vicente-hadich-ferreira\" target=\"_blank\" rel=\"noopener\">Amazon Music<\/a><\/li>\n<li><a href=\"https:\/\/castbox.fm\/episode\/Especial-|-Atmosfera-fascista-em-prol-da-viol\u00eancia-e-conformismo%3A-entrevista-com-Jo\u00e3o-Vicente-Hadich-Ferreira-id5081070-id537237788?utm_source=podcaster&amp;utm_medium=dlink&amp;utm_campaign=c_5081070&amp;utm_content=200%20Anos%20de%20Luta-CastBox_FM\" target=\"_blank\" rel=\"noopener\">Castbox<\/a><\/li>\n<\/ul>\n","protected":false},"excerpt":{"rendered":"<p>Este epis\u00f3dio especial do podcast 200 Anos de Luta entrevista o professor Jo\u00e3o Vicente Hadich Ferreira, doutor em Educa\u00e7\u00e3o, que fala sobre a atmosfera fascista em prol da viol\u00eancia e conformismo. Ou\u00e7a no player abaixo, no Spotify, ou clique a seguir no link para a sua plataforma preferida: Spotify Deezer Google Podcasts Anchor Amazon Music [&hellip;]<\/p>\n","protected":false},"author":42,"featured_media":91931,"template":"","categories":[],"tags":[],"area":[6486],"formato":[],"projeto":[],"tema":[],"tipo_material":[],"coauthors":[304],"class_list":["post-115684","episodio","type-episodio","status-publish","has-post-thumbnail","hentry","area-site-principal"],"_links":{"self":[{"href":"https:\/\/fpabramo.org.br\/en\/wp-json\/wp\/v2\/episodio\/115684","targetHints":{"allow":["GET"]}}],"collection":[{"href":"https:\/\/fpabramo.org.br\/en\/wp-json\/wp\/v2\/episodio"}],"about":[{"href":"https:\/\/fpabramo.org.br\/en\/wp-json\/wp\/v2\/types\/episodio"}],"author":[{"embeddable":true,"href":"https:\/\/fpabramo.org.br\/en\/wp-json\/wp\/v2\/users\/42"}],"version-history":[{"count":1,"href":"https:\/\/fpabramo.org.br\/en\/wp-json\/wp\/v2\/episodio\/115684\/revisions"}],"predecessor-version":[{"id":184171,"href":"https:\/\/fpabramo.org.br\/en\/wp-json\/wp\/v2\/episodio\/115684\/revisions\/184171"}],"wp:featuredmedia":[{"embeddable":true,"href":"https:\/\/fpabramo.org.br\/en\/wp-json\/wp\/v2\/media\/91931"}],"wp:attachment":[{"href":"https:\/\/fpabramo.org.br\/en\/wp-json\/wp\/v2\/media?parent=115684"}],"wp:term":[{"taxonomy":"category","embeddable":true,"href":"https:\/\/fpabramo.org.br\/en\/wp-json\/wp\/v2\/categories?post=115684"},{"taxonomy":"post_tag","embeddable":true,"href":"https:\/\/fpabramo.org.br\/en\/wp-json\/wp\/v2\/tags?post=115684"},{"taxonomy":"area","embeddable":true,"href":"https:\/\/fpabramo.org.br\/en\/wp-json\/wp\/v2\/area?post=115684"},{"taxonomy":"formato","embeddable":true,"href":"https:\/\/fpabramo.org.br\/en\/wp-json\/wp\/v2\/formato?post=115684"},{"taxonomy":"projeto","embeddable":true,"href":"https:\/\/fpabramo.org.br\/en\/wp-json\/wp\/v2\/projeto?post=115684"},{"taxonomy":"tema","embeddable":true,"href":"https:\/\/fpabramo.org.br\/en\/wp-json\/wp\/v2\/tema?post=115684"},{"taxonomy":"tipo_material","embeddable":true,"href":"https:\/\/fpabramo.org.br\/en\/wp-json\/wp\/v2\/tipo_material?post=115684"},{"taxonomy":"author","embeddable":true,"href":"https:\/\/fpabramo.org.br\/en\/wp-json\/wp\/v2\/coauthors?post=115684"}],"curies":[{"name":"wp","href":"https:\/\/api.w.org\/{rel}","templated":true}]}}

Especial | Atmosfera fascista em prol da violência e conformismo: entrevista com João Vicente Hadich Ferreira

<p>Este episódio especial do podcast <strong>200 Anos de Luta</strong> entrevista o professor João Vicente Hadich Ferreira, doutor em Educação, que fala sobre a atmosfera fascista em prol da violência e conformismo.</p>
<p>Ouça no player abaixo, no Spotify, ou clique a seguir no link para a sua plataforma preferida:</p>
<p><iframe style="border-radius:12px" src="https://open.spotify.com/embed/episode/07QG10sgQhg7oe7nx3DxBs?utm_source=generator&amp;theme=0" width="100%" height="352" frameBorder="0" allowfullscreen="" allow="autoplay; clipboard-write; encrypted-media; fullscreen; picture-in-picture" loading="lazy"></iframe></p>
<ul>
<li><a href="https://open.spotify.com/episode/07QG10sgQhg7oe7nx3DxBs?si=801d9b7f535f4ca6" target="_blank" rel="noopener">Spotify</a></li>
<li><a href="https://deezer.page.link/QrSt9wn32EJPfJGU8" target="_blank" rel="noopener">Deezer</a></li>
<li><a href="https://podcasts.google.com/feed/aHR0cHM6Ly9hbmNob3IuZm0vcy9iNTJkZTllYy9wb2RjYXN0L3Jzcw/episode/YjhlN2U5OGQtNGI3NS00MzA0LTlmMDQtYmY5YTAwZTFjZGRk" target="_blank" rel="noopener">Google Podcasts</a></li>
<li><a href="https://spotifyanchor-web.app.link/e/urewfrsJKtb" target="_blank" rel="noopener">Anchor</a></li>
<li><a href="https://music.amazon.com.br/podcasts/e7343807-9a67-491f-a4d5-609b70ebef21/episodes/cbc61ed7-1586-46b1-bf8d-39801b98d649/200-anos-de-luta-especial-atmosfera-fascista-em-prol-da-viol%C3%AAncia-e-conformismo-entrevista-com-jo%C3%A3o-vicente-hadich-ferreira" target="_blank" rel="noopener">Amazon Music</a></li>
<li><a href="https://castbox.fm/episode/Especial-|-Atmosfera-fascista-em-prol-da-violência-e-conformismo%3A-entrevista-com-João-Vicente-Hadich-Ferreira-id5081070-id537237788?utm_source=podcaster&amp;utm_medium=dlink&amp;utm_campaign=c_5081070&amp;utm_content=200%20Anos%20de%20Luta-CastBox_FM" target="_blank" rel="noopener">Castbox</a></li>
</ul>

<p>Este episódio especial do podcast 200 Anos de Luta entrevista o professor João Vicente Hadich Ferreira, doutor em Educação, que fala sobre a atmosfera fascista em prol da violência e conformismo. Ouça no player abaixo, no Spotify, ou clique a seguir no link para a sua plataforma preferida: Spotify Deezer Google Podcasts Anchor Amazon Music [&hellip;]</p>
