{"id":30566,"date":"2017-09-10T19:24:51","date_gmt":"2017-09-10T22:24:51","guid":{"rendered":"http:\/\/localhost\/acervosocial\/?post_type=estante&#038;p=30566"},"modified":"2021-11-17T03:48:12","modified_gmt":"2021-11-17T06:48:12","slug":"relatorio-da-pesquisa-sobre-sinal-digital-entre-beneficiarios-do-programa-bolsa-familia","status":"publish","type":"estante","link":"https:\/\/fpabramo.org.br\/acervosocial\/estante\/relatorio-da-pesquisa-sobre-sinal-digital-entre-beneficiarios-do-programa-bolsa-familia\/","title":{"rendered":"Relat\u00f3rio da Pesquisa sobre sinal digital entre benefici\u00e1rios do Programa Bolsa Fam\u00edlia"},"content":{"rendered":"<p> <\/p>\n<p>Resumo:\u00a0 Apresenta os resultados de pesquisa sobre o uso de televis\u00f5es digitais entre os benefici\u00e1rios do Programa Bolsa Fam\u00edlia.<\/p>\n<p>Palavras-chave: Bolsa Fam\u00edlia, Acesso, Sinal Digital, Benefici\u00e1rios<\/p>\n<p><\/p>\n","protected":false},"excerpt":{"rendered":"<p>Resumo:\u00a0 Apresenta os resultados de pesquisa sobre o uso de televis\u00f5es digitais entre os benefici\u00e1rios do Programa Bolsa Fam\u00edlia. Palavras-chave: Bolsa Fam\u00edlia, Acesso, Sinal Digital, Benefici\u00e1rios<\/p>\n","protected":false},"author":4,"featured_media":30567,"menu_order":0,"template":"","format":"standard","meta":{"_daextam_enable_autolinks":"","footnotes":""},"tags":[154,24,80,344],"editorias":[10],"colecoes":[],"tipodeestante":[44],"edicaodehome":[],"class_list":["post-30566","estante","type-estante","status-publish","format-standard","has-post-thumbnail","hentry","tag-acesso","tag-beneficiarios","tag-bolsa-familia","tag-sinal-digital","editorias-transferencia-renda","tipodeestante-livros"],"_links":{"self":[{"href":"https:\/\/fpabramo.org.br\/acervosocial\/wp-json\/wp\/v2\/estante\/30566","targetHints":{"allow":["GET"]}}],"collection":[{"href":"https:\/\/fpabramo.org.br\/acervosocial\/wp-json\/wp\/v2\/estante"}],"about":[{"href":"https:\/\/fpabramo.org.br\/acervosocial\/wp-json\/wp\/v2\/types\/estante"}],"author":[{"embeddable":true,"href":"https:\/\/fpabramo.org.br\/acervosocial\/wp-json\/wp\/v2\/users\/4"}],"version-history":[{"count":2,"href":"https:\/\/fpabramo.org.br\/acervosocial\/wp-json\/wp\/v2\/estante\/30566\/revisions"}],"predecessor-version":[{"id":31208,"href":"https:\/\/fpabramo.org.br\/acervosocial\/wp-json\/wp\/v2\/estante\/30566\/revisions\/31208"}],"wp:featuredmedia":[{"embeddable":true,"href":"https:\/\/fpabramo.org.br\/acervosocial\/wp-json\/wp\/v2\/media\/30567"}],"wp:attachment":[{"href":"https:\/\/fpabramo.org.br\/acervosocial\/wp-json\/wp\/v2\/media?parent=30566"}],"wp:term":[{"taxonomy":"post_tag","embeddable":true,"href":"https:\/\/fpabramo.org.br\/acervosocial\/wp-json\/wp\/v2\/tags?post=30566"},{"taxonomy":"editorias","embeddable":true,"href":"https:\/\/fpabramo.org.br\/acervosocial\/wp-json\/wp\/v2\/editorias?post=30566"},{"taxonomy":"colecoes","embeddable":true,"href":"https:\/\/fpabramo.org.br\/acervosocial\/wp-json\/wp\/v2\/colecoes?post=30566"},{"taxonomy":"tipodeestante","embeddable":true,"href":"https:\/\/fpabramo.org.br\/acervosocial\/wp-json\/wp\/v2\/tipodeestante?post=30566"},{"taxonomy":"edicaodehome","embeddable":true,"href":"https:\/\/fpabramo.org.br\/acervosocial\/wp-json\/wp\/v2\/edicaodehome?post=30566"}],"curies":[{"name":"wp","href":"https:\/\/api.w.org\/{rel}","templated":true}]}}

Relatório da Pesquisa sobre sinal digital entre beneficiários do Programa Bolsa Família

<p> </p>
<p>Resumo:  Apresenta os resultados de pesquisa sobre o uso de televisões digitais entre os beneficiários do Programa Bolsa Família.</p>
<p>Palavras-chave: Bolsa Família, Acesso, Sinal Digital, Beneficiários</p>
<p></p>

<p>Resumo:  Apresenta os resultados de pesquisa sobre o uso de televisões digitais entre os beneficiários do Programa Bolsa Família. Palavras-chave: Bolsa Família, Acesso, Sinal Digital, Beneficiários</p>
