{"id":30489,"date":"2017-09-10T17:37:50","date_gmt":"2017-09-10T20:37:50","guid":{"rendered":"https:\/\/fpabramo.org.br\/acervosocial\/?post_type=estante&#038;p=30489"},"modified":"2021-11-19T22:25:24","modified_gmt":"2021-11-20T01:25:24","slug":"telefone-popular","status":"publish","type":"estante","link":"https:\/\/fpabramo.org.br\/acervosocial\/estante\/telefone-popular\/","title":{"rendered":"Telefone Popular"},"content":{"rendered":"<p> <\/p>\n<p>Resumo: Apresenta as regras do Programa que possibilita que uma fam\u00edlia de baixa renda, inscrita no Cadastro \u00fanico para Programas Sociais do Governo Federal, pode solicitar a instala\u00e7\u00e3o de um telefone fixo com tarifa reduzida em sua resid\u00eancia.<\/p>\n<p>Palavras-chave: Cadastro \u00danico, Servi\u00e7os,Telefone Popular<\/p>\n<p><\/p>\n","protected":false},"excerpt":{"rendered":"<p>Resumo: Apresenta as regras do Programa que possibilita que uma fam\u00edlia de baixa renda, inscrita no Cadastro \u00fanico para Programas Sociais do Governo Federal, pode solicitar a instala\u00e7\u00e3o de um telefone fixo com tarifa reduzida em sua resid\u00eancia. Palavras-chave: Cadastro \u00danico, Servi\u00e7os,Telefone Popular<\/p>\n","protected":false},"author":4,"featured_media":30484,"menu_order":0,"comment_status":"closed","ping_status":"open","template":"","format":"standard","meta":{"_daextam_enable_autolinks":"","footnotes":""},"tags":[144,61,336],"editorias":[10],"colecoes":[],"tipodeestante":[44],"edicaodehome":[],"class_list":["post-30489","estante","type-estante","status-publish","format-standard","has-post-thumbnail","hentry","tag-cadastro-unico","tag-servicos","tag-telefone-popular","editorias-transferencia-renda","tipodeestante-livros"],"_links":{"self":[{"href":"https:\/\/fpabramo.org.br\/acervosocial\/wp-json\/wp\/v2\/estante\/30489","targetHints":{"allow":["GET"]}}],"collection":[{"href":"https:\/\/fpabramo.org.br\/acervosocial\/wp-json\/wp\/v2\/estante"}],"about":[{"href":"https:\/\/fpabramo.org.br\/acervosocial\/wp-json\/wp\/v2\/types\/estante"}],"author":[{"embeddable":true,"href":"https:\/\/fpabramo.org.br\/acervosocial\/wp-json\/wp\/v2\/users\/4"}],"replies":[{"embeddable":true,"href":"https:\/\/fpabramo.org.br\/acervosocial\/wp-json\/wp\/v2\/comments?post=30489"}],"version-history":[{"count":2,"href":"https:\/\/fpabramo.org.br\/acervosocial\/wp-json\/wp\/v2\/estante\/30489\/revisions"}],"predecessor-version":[{"id":31245,"href":"https:\/\/fpabramo.org.br\/acervosocial\/wp-json\/wp\/v2\/estante\/30489\/revisions\/31245"}],"wp:featuredmedia":[{"embeddable":true,"href":"https:\/\/fpabramo.org.br\/acervosocial\/wp-json\/wp\/v2\/media\/30484"}],"wp:attachment":[{"href":"https:\/\/fpabramo.org.br\/acervosocial\/wp-json\/wp\/v2\/media?parent=30489"}],"wp:term":[{"taxonomy":"post_tag","embeddable":true,"href":"https:\/\/fpabramo.org.br\/acervosocial\/wp-json\/wp\/v2\/tags?post=30489"},{"taxonomy":"editorias","embeddable":true,"href":"https:\/\/fpabramo.org.br\/acervosocial\/wp-json\/wp\/v2\/editorias?post=30489"},{"taxonomy":"colecoes","embeddable":true,"href":"https:\/\/fpabramo.org.br\/acervosocial\/wp-json\/wp\/v2\/colecoes?post=30489"},{"taxonomy":"tipodeestante","embeddable":true,"href":"https:\/\/fpabramo.org.br\/acervosocial\/wp-json\/wp\/v2\/tipodeestante?post=30489"},{"taxonomy":"edicaodehome","embeddable":true,"href":"https:\/\/fpabramo.org.br\/acervosocial\/wp-json\/wp\/v2\/edicaodehome?post=30489"}],"curies":[{"name":"wp","href":"https:\/\/api.w.org\/{rel}","templated":true}]}}

<p> </p>
<p>Resumo: Apresenta as regras do Programa que possibilita que uma família de baixa renda, inscrita no Cadastro único para Programas Sociais do Governo Federal, pode solicitar a instalação de um telefone fixo com tarifa reduzida em sua residência.</p>
<p>Palavras-chave: Cadastro Único, Serviços,Telefone Popular</p>
<p></p>

<p>Resumo: Apresenta as regras do Programa que possibilita que uma família de baixa renda, inscrita no Cadastro único para Programas Sociais do Governo Federal, pode solicitar a instalação de um telefone fixo com tarifa reduzida em sua residência. Palavras-chave: Cadastro Único, Serviços,Telefone Popular</p>
