{"id":30329,"date":"2017-09-07T19:49:54","date_gmt":"2017-09-07T22:49:54","guid":{"rendered":"http:\/\/localhost\/acervosocial\/?post_type=estante&#038;p=30329"},"modified":"2021-11-11T15:46:31","modified_gmt":"2021-11-11T18:46:31","slug":"estrategia-avaliativa-e-primeiros-resultados-acerca-do-desenho-perfil-dos-beneficiarios-e-percepcoes-de-gestores-do-programa-bolsa-verdee","status":"publish","type":"estante","link":"https:\/\/fpabramo.org.br\/acervosocial\/estante\/estrategia-avaliativa-e-primeiros-resultados-acerca-do-desenho-perfil-dos-beneficiarios-e-percepcoes-de-gestores-do-programa-bolsa-verdee\/","title":{"rendered":"Estrat\u00e9gia avaliativa e primeiros resultados acerca do desenho, perfil dos benefici\u00e1rios e percep\u00e7\u00f5es de gestores do programa Bolsa Verdee"},"content":{"rendered":"<p> <\/p>\n<p>Resumo: Apresenta resultados para dois t\u00f3picos relevantes \u00e0 avalia\u00e7\u00e3o do programa: o perfil dos benefici\u00e1rios do Bolsa Verde e as percep\u00e7\u00f5es dos gestores do programa em \u00e1reas sob responsabilidade do ICMBio.<\/p>\n<p>Palavras-chave: Bolsa Verde, Pesquisa, Perfil, Benefici\u00e1rios, Gestores<\/p>\n<p><\/p>\n","protected":false},"excerpt":{"rendered":"<p>Resumo: Apresenta resultados para dois t\u00f3picos relevantes \u00e0 avalia\u00e7\u00e3o do programa: o perfil dos benefici\u00e1rios do Bolsa Verde e as percep\u00e7\u00f5es dos gestores do programa em \u00e1reas sob responsabilidade do ICMBio. Palavras-chave: Bolsa Verde, Pesquisa, Perfil, Benefici\u00e1rios, Gestores<\/p>\n","protected":false},"author":4,"featured_media":29206,"menu_order":0,"template":"","format":"standard","meta":{"_daextam_enable_autolinks":"","footnotes":""},"tags":[24,314,58,21,18],"editorias":[14],"colecoes":[],"tipodeestante":[44],"edicaodehome":[],"class_list":["post-30329","estante","type-estante","status-publish","format-standard","has-post-thumbnail","hentry","tag-beneficiarios","tag-bolsa-verde","tag-gestores","tag-perfil","tag-pesquisa","editorias-temas-transversais","tipodeestante-livros"],"_links":{"self":[{"href":"https:\/\/fpabramo.org.br\/acervosocial\/wp-json\/wp\/v2\/estante\/30329","targetHints":{"allow":["GET"]}}],"collection":[{"href":"https:\/\/fpabramo.org.br\/acervosocial\/wp-json\/wp\/v2\/estante"}],"about":[{"href":"https:\/\/fpabramo.org.br\/acervosocial\/wp-json\/wp\/v2\/types\/estante"}],"author":[{"embeddable":true,"href":"https:\/\/fpabramo.org.br\/acervosocial\/wp-json\/wp\/v2\/users\/4"}],"version-history":[{"count":2,"href":"https:\/\/fpabramo.org.br\/acervosocial\/wp-json\/wp\/v2\/estante\/30329\/revisions"}],"predecessor-version":[{"id":31062,"href":"https:\/\/fpabramo.org.br\/acervosocial\/wp-json\/wp\/v2\/estante\/30329\/revisions\/31062"}],"wp:featuredmedia":[{"embeddable":true,"href":"https:\/\/fpabramo.org.br\/acervosocial\/wp-json\/wp\/v2\/media\/29206"}],"wp:attachment":[{"href":"https:\/\/fpabramo.org.br\/acervosocial\/wp-json\/wp\/v2\/media?parent=30329"}],"wp:term":[{"taxonomy":"post_tag","embeddable":true,"href":"https:\/\/fpabramo.org.br\/acervosocial\/wp-json\/wp\/v2\/tags?post=30329"},{"taxonomy":"editorias","embeddable":true,"href":"https:\/\/fpabramo.org.br\/acervosocial\/wp-json\/wp\/v2\/editorias?post=30329"},{"taxonomy":"colecoes","embeddable":true,"href":"https:\/\/fpabramo.org.br\/acervosocial\/wp-json\/wp\/v2\/colecoes?post=30329"},{"taxonomy":"tipodeestante","embeddable":true,"href":"https:\/\/fpabramo.org.br\/acervosocial\/wp-json\/wp\/v2\/tipodeestante?post=30329"},{"taxonomy":"edicaodehome","embeddable":true,"href":"https:\/\/fpabramo.org.br\/acervosocial\/wp-json\/wp\/v2\/edicaodehome?post=30329"}],"curies":[{"name":"wp","href":"https:\/\/api.w.org\/{rel}","templated":true}]}}

Estratégia avaliativa e primeiros resultados acerca do desenho, perfil dos beneficiários e percepções de gestores do programa Bolsa Verdee

<p> </p>
<p>Resumo: Apresenta resultados para dois tópicos relevantes à avaliação do programa: o perfil dos beneficiários do Bolsa Verde e as percepções dos gestores do programa em áreas sob responsabilidade do ICMBio.</p>
<p>Palavras-chave: Bolsa Verde, Pesquisa, Perfil, Beneficiários, Gestores</p>
<p></p>

<p>Resumo: Apresenta resultados para dois tópicos relevantes à avaliação do programa: o perfil dos beneficiários do Bolsa Verde e as percepções dos gestores do programa em áreas sob responsabilidade do ICMBio. Palavras-chave: Bolsa Verde, Pesquisa, Perfil, Beneficiários, Gestores</p>
