{"id":30074,"date":"2017-09-05T15:15:17","date_gmt":"2017-09-05T18:15:17","guid":{"rendered":"https:\/\/fpabramo.org.br\/acervosocial\/?post_type=estante&#038;p=30074"},"modified":"2021-11-09T18:21:30","modified_gmt":"2021-11-09T21:21:30","slug":"mais-que-receitas","status":"publish","type":"estante","link":"https:\/\/fpabramo.org.br\/acervosocial\/estante\/mais-que-receitas\/","title":{"rendered":"Mais que receitas"},"content":{"rendered":"<p> <\/p>\n<p>Resumo: Resgatar hist\u00f3rias e mem\u00f3rias tradicionais de receitas da culin\u00e1ria brasileira e divulg\u00e1-las.<\/p>\n<p>Palavras-chave: Educa\u00e7\u00e3o Alimentar, Receitas<\/p>\n<p><\/p>\n","protected":false},"excerpt":{"rendered":"<p>Resumo: Resgatar hist\u00f3rias e mem\u00f3rias tradicionais de receitas da culin\u00e1ria brasileira e divulg\u00e1-las. Palavras-chave: Educa\u00e7\u00e3o Alimentar, Receitas<\/p>\n","protected":false},"author":4,"featured_media":29106,"menu_order":0,"comment_status":"closed","ping_status":"open","template":"","format":"standard","meta":{"_daextam_enable_autolinks":"","footnotes":""},"tags":[243,252],"editorias":[11],"colecoes":[],"tipodeestante":[44],"edicaodehome":[],"class_list":["post-30074","estante","type-estante","status-publish","format-standard","has-post-thumbnail","hentry","tag-educacao-alimentar","tag-receitas","editorias-seguranca-alimentar","tipodeestante-livros"],"_links":{"self":[{"href":"https:\/\/fpabramo.org.br\/acervosocial\/wp-json\/wp\/v2\/estante\/30074","targetHints":{"allow":["GET"]}}],"collection":[{"href":"https:\/\/fpabramo.org.br\/acervosocial\/wp-json\/wp\/v2\/estante"}],"about":[{"href":"https:\/\/fpabramo.org.br\/acervosocial\/wp-json\/wp\/v2\/types\/estante"}],"author":[{"embeddable":true,"href":"https:\/\/fpabramo.org.br\/acervosocial\/wp-json\/wp\/v2\/users\/4"}],"replies":[{"embeddable":true,"href":"https:\/\/fpabramo.org.br\/acervosocial\/wp-json\/wp\/v2\/comments?post=30074"}],"version-history":[{"count":2,"href":"https:\/\/fpabramo.org.br\/acervosocial\/wp-json\/wp\/v2\/estante\/30074\/revisions"}],"predecessor-version":[{"id":30886,"href":"https:\/\/fpabramo.org.br\/acervosocial\/wp-json\/wp\/v2\/estante\/30074\/revisions\/30886"}],"wp:featuredmedia":[{"embeddable":true,"href":"https:\/\/fpabramo.org.br\/acervosocial\/wp-json\/wp\/v2\/media\/29106"}],"wp:attachment":[{"href":"https:\/\/fpabramo.org.br\/acervosocial\/wp-json\/wp\/v2\/media?parent=30074"}],"wp:term":[{"taxonomy":"post_tag","embeddable":true,"href":"https:\/\/fpabramo.org.br\/acervosocial\/wp-json\/wp\/v2\/tags?post=30074"},{"taxonomy":"editorias","embeddable":true,"href":"https:\/\/fpabramo.org.br\/acervosocial\/wp-json\/wp\/v2\/editorias?post=30074"},{"taxonomy":"colecoes","embeddable":true,"href":"https:\/\/fpabramo.org.br\/acervosocial\/wp-json\/wp\/v2\/colecoes?post=30074"},{"taxonomy":"tipodeestante","embeddable":true,"href":"https:\/\/fpabramo.org.br\/acervosocial\/wp-json\/wp\/v2\/tipodeestante?post=30074"},{"taxonomy":"edicaodehome","embeddable":true,"href":"https:\/\/fpabramo.org.br\/acervosocial\/wp-json\/wp\/v2\/edicaodehome?post=30074"}],"curies":[{"name":"wp","href":"https:\/\/api.w.org\/{rel}","templated":true}]}}

<p> </p>
<p>Resumo: Resgatar histórias e memórias tradicionais de receitas da culinária brasileira e divulgá-las.</p>
<p>Palavras-chave: Educação Alimentar, Receitas</p>
<p></p>

<p>Resumo: Resgatar histórias e memórias tradicionais de receitas da culinária brasileira e divulgá-las. Palavras-chave: Educação Alimentar, Receitas</p>
