{"id":30062,"date":"2017-09-05T09:44:36","date_gmt":"2017-09-05T12:44:36","guid":{"rendered":"https:\/\/fpabramo.org.br\/acervosocial\/?post_type=estante&#038;p=30062"},"modified":"2021-11-10T01:00:06","modified_gmt":"2021-11-10T04:00:06","slug":"educacao-alimentar-e-nutricional-no-programa-bolsa-familia","status":"publish","type":"estante","link":"https:\/\/fpabramo.org.br\/acervosocial\/estante\/educacao-alimentar-e-nutricional-no-programa-bolsa-familia\/","title":{"rendered":"Educa\u00e7\u00e3o Alimentar e Nutricional no Programa Bolsa Fam\u00edlia"},"content":{"rendered":"<p> <\/p>\n<p>Resumo: Apresenta o reconhecimento das culturas locais nas a\u00e7\u00f5es p\u00fablicas da sa\u00fade, educa\u00e7\u00e3o e assist\u00eancia social, por meio da Educa\u00e7\u00e3o<br \/>\nAlimentar e Nutricional (EAN) aplicada de forma continuada e permanente.<\/p>\n<p>Palavras-chave: Educa\u00e7\u00e3o Alimentar, Bolsa Fam\u00edlia<\/p>\n<p><\/p>\n","protected":false},"excerpt":{"rendered":"<p>Resumo: Apresenta o reconhecimento das culturas locais nas a\u00e7\u00f5es p\u00fablicas da sa\u00fade, educa\u00e7\u00e3o e assist\u00eancia social, por meio da Educa\u00e7\u00e3o Alimentar e Nutricional (EAN) aplicada de forma continuada e permanente. Palavras-chave: Educa\u00e7\u00e3o Alimentar, Bolsa Fam\u00edlia<\/p>\n","protected":false},"author":4,"featured_media":29102,"menu_order":0,"comment_status":"closed","ping_status":"open","template":"","format":"standard","meta":{"_daextam_enable_autolinks":"","footnotes":""},"tags":[80,243],"editorias":[11],"colecoes":[],"tipodeestante":[44],"edicaodehome":[],"class_list":["post-30062","estante","type-estante","status-publish","format-standard","has-post-thumbnail","hentry","tag-bolsa-familia","tag-educacao-alimentar","editorias-seguranca-alimentar","tipodeestante-livros"],"_links":{"self":[{"href":"https:\/\/fpabramo.org.br\/acervosocial\/wp-json\/wp\/v2\/estante\/30062","targetHints":{"allow":["GET"]}}],"collection":[{"href":"https:\/\/fpabramo.org.br\/acervosocial\/wp-json\/wp\/v2\/estante"}],"about":[{"href":"https:\/\/fpabramo.org.br\/acervosocial\/wp-json\/wp\/v2\/types\/estante"}],"author":[{"embeddable":true,"href":"https:\/\/fpabramo.org.br\/acervosocial\/wp-json\/wp\/v2\/users\/4"}],"replies":[{"embeddable":true,"href":"https:\/\/fpabramo.org.br\/acervosocial\/wp-json\/wp\/v2\/comments?post=30062"}],"version-history":[{"count":2,"href":"https:\/\/fpabramo.org.br\/acervosocial\/wp-json\/wp\/v2\/estante\/30062\/revisions"}],"predecessor-version":[{"id":30959,"href":"https:\/\/fpabramo.org.br\/acervosocial\/wp-json\/wp\/v2\/estante\/30062\/revisions\/30959"}],"wp:featuredmedia":[{"embeddable":true,"href":"https:\/\/fpabramo.org.br\/acervosocial\/wp-json\/wp\/v2\/media\/29102"}],"wp:attachment":[{"href":"https:\/\/fpabramo.org.br\/acervosocial\/wp-json\/wp\/v2\/media?parent=30062"}],"wp:term":[{"taxonomy":"post_tag","embeddable":true,"href":"https:\/\/fpabramo.org.br\/acervosocial\/wp-json\/wp\/v2\/tags?post=30062"},{"taxonomy":"editorias","embeddable":true,"href":"https:\/\/fpabramo.org.br\/acervosocial\/wp-json\/wp\/v2\/editorias?post=30062"},{"taxonomy":"colecoes","embeddable":true,"href":"https:\/\/fpabramo.org.br\/acervosocial\/wp-json\/wp\/v2\/colecoes?post=30062"},{"taxonomy":"tipodeestante","embeddable":true,"href":"https:\/\/fpabramo.org.br\/acervosocial\/wp-json\/wp\/v2\/tipodeestante?post=30062"},{"taxonomy":"edicaodehome","embeddable":true,"href":"https:\/\/fpabramo.org.br\/acervosocial\/wp-json\/wp\/v2\/edicaodehome?post=30062"}],"curies":[{"name":"wp","href":"https:\/\/api.w.org\/{rel}","templated":true}]}}

Educação Alimentar e Nutricional no Programa Bolsa Família

<p> </p>
<p>Resumo: Apresenta o reconhecimento das culturas locais nas ações públicas da saúde, educação e assistência social, por meio da Educação<br />
Alimentar e Nutricional (EAN) aplicada de forma continuada e permanente.</p>
<p>Palavras-chave: Educação Alimentar, Bolsa Família</p>
<p></p>

<p>Resumo: Apresenta o reconhecimento das culturas locais nas ações públicas da saúde, educação e assistência social, por meio da Educação Alimentar e Nutricional (EAN) aplicada de forma continuada e permanente. Palavras-chave: Educação Alimentar, Bolsa Família</p>
