{"id":30021,"date":"2017-09-04T17:03:40","date_gmt":"2017-09-04T20:03:40","guid":{"rendered":"https:\/\/fpabramo.org.br\/acervosocial\/?post_type=estante&#038;p=30021"},"modified":"2021-11-12T12:45:02","modified_gmt":"2021-11-12T15:45:02","slug":"sistema-de-dessalinizacao-e-purificacao-de-agua","status":"publish","type":"estante","link":"https:\/\/fpabramo.org.br\/acervosocial\/estante\/sistema-de-dessalinizacao-e-purificacao-de-agua\/","title":{"rendered":"Sistema de Dessaliniza\u00e7\u00e3o e Purifica\u00e7\u00e3o de \u00c1gua"},"content":{"rendered":"<p> <\/p>\n<p>Resumo: Apresenta\u00a0 uma abordagem de todas as t\u00e9cnicas de dessaliniza\u00e7\u00e3o de \u00e1gua e prop\u00f5e um sistema de dessaliniza\u00e7\u00e3o e purifica\u00e7\u00e3o de<br \/>\n\u00e1gua utilizando energia solar com materiais de baixo custo para atender fam\u00edlias de baixa renda e em locais isolados onde o fornecimento de \u00e1gua e energia \u00e9 prec\u00e1rio.<\/p>\n<p>Palavras-chave: \u00c1gua, Dessaliniza\u00e7\u00e3o<\/p>\n<p><\/p>\n","protected":false},"excerpt":{"rendered":"<p>Resumo: Apresenta\u00a0 uma abordagem de todas as t\u00e9cnicas de dessaliniza\u00e7\u00e3o de \u00e1gua e prop\u00f5e um sistema de dessaliniza\u00e7\u00e3o e purifica\u00e7\u00e3o de \u00e1gua utilizando energia solar com materiais de baixo custo para atender fam\u00edlias de baixa renda e em locais isolados onde o fornecimento de \u00e1gua e energia \u00e9 prec\u00e1rio. Palavras-chave: \u00c1gua, Dessaliniza\u00e7\u00e3o<\/p>\n","protected":false},"author":4,"featured_media":29083,"menu_order":0,"comment_status":"closed","ping_status":"open","template":"","format":"standard","meta":{"_daextam_enable_autolinks":"","footnotes":""},"tags":[223,240],"editorias":[11],"colecoes":[],"tipodeestante":[44],"edicaodehome":[],"class_list":["post-30021","estante","type-estante","status-publish","format-standard","has-post-thumbnail","hentry","tag-agua","tag-dessalinizacao","editorias-seguranca-alimentar","tipodeestante-livros"],"_links":{"self":[{"href":"https:\/\/fpabramo.org.br\/acervosocial\/wp-json\/wp\/v2\/estante\/30021","targetHints":{"allow":["GET"]}}],"collection":[{"href":"https:\/\/fpabramo.org.br\/acervosocial\/wp-json\/wp\/v2\/estante"}],"about":[{"href":"https:\/\/fpabramo.org.br\/acervosocial\/wp-json\/wp\/v2\/types\/estante"}],"author":[{"embeddable":true,"href":"https:\/\/fpabramo.org.br\/acervosocial\/wp-json\/wp\/v2\/users\/4"}],"replies":[{"embeddable":true,"href":"https:\/\/fpabramo.org.br\/acervosocial\/wp-json\/wp\/v2\/comments?post=30021"}],"version-history":[{"count":2,"href":"https:\/\/fpabramo.org.br\/acervosocial\/wp-json\/wp\/v2\/estante\/30021\/revisions"}],"predecessor-version":[{"id":31089,"href":"https:\/\/fpabramo.org.br\/acervosocial\/wp-json\/wp\/v2\/estante\/30021\/revisions\/31089"}],"wp:featuredmedia":[{"embeddable":true,"href":"https:\/\/fpabramo.org.br\/acervosocial\/wp-json\/wp\/v2\/media\/29083"}],"wp:attachment":[{"href":"https:\/\/fpabramo.org.br\/acervosocial\/wp-json\/wp\/v2\/media?parent=30021"}],"wp:term":[{"taxonomy":"post_tag","embeddable":true,"href":"https:\/\/fpabramo.org.br\/acervosocial\/wp-json\/wp\/v2\/tags?post=30021"},{"taxonomy":"editorias","embeddable":true,"href":"https:\/\/fpabramo.org.br\/acervosocial\/wp-json\/wp\/v2\/editorias?post=30021"},{"taxonomy":"colecoes","embeddable":true,"href":"https:\/\/fpabramo.org.br\/acervosocial\/wp-json\/wp\/v2\/colecoes?post=30021"},{"taxonomy":"tipodeestante","embeddable":true,"href":"https:\/\/fpabramo.org.br\/acervosocial\/wp-json\/wp\/v2\/tipodeestante?post=30021"},{"taxonomy":"edicaodehome","embeddable":true,"href":"https:\/\/fpabramo.org.br\/acervosocial\/wp-json\/wp\/v2\/edicaodehome?post=30021"}],"curies":[{"name":"wp","href":"https:\/\/api.w.org\/{rel}","templated":true}]}}

Sistema de Dessalinização e Purificação de Água

<p> </p>
<p>Resumo: Apresenta  uma abordagem de todas as técnicas de dessalinização de água e propõe um sistema de dessalinização e purificação de<br />
água utilizando energia solar com materiais de baixo custo para atender famílias de baixa renda e em locais isolados onde o fornecimento de água e energia é precário.</p>
<p>Palavras-chave: Água, Dessalinização</p>
<p></p>

<p>Resumo: Apresenta  uma abordagem de todas as técnicas de dessalinização de água e propõe um sistema de dessalinização e purificação de água utilizando energia solar com materiais de baixo custo para atender famílias de baixa renda e em locais isolados onde o fornecimento de água e energia é precário. Palavras-chave: Água, Dessalinização</p>
