{"id":30010,"date":"2017-09-04T16:44:50","date_gmt":"2017-09-04T19:44:50","guid":{"rendered":"https:\/\/fpabramo.org.br\/acervosocial\/?post_type=estante&#038;p=30010"},"modified":"2021-11-12T12:17:52","modified_gmt":"2021-11-12T15:17:52","slug":"plano-nacional-de-seguranca-alimentar-e-nutricional-20122015","status":"publish","type":"estante","link":"https:\/\/fpabramo.org.br\/acervosocial\/estante\/plano-nacional-de-seguranca-alimentar-e-nutricional-20122015\/","title":{"rendered":"Plano Nacional de Seguran\u00e7a Alimentar e Nutricional \u2013 2012\/2015"},"content":{"rendered":"<p> <\/p>\n<p>Resumo: Apresenta os resultados do amplo processo de revis\u00e3o do Plano Nacional de Seguran\u00e7a Alimentar e Nutricional &#8211; PLANSAN com base no monitoramento da sua execu\u00e7\u00e3o e nas propostas do Conselho Nacional de Seguran\u00e7a Alimentar e Nutricional &#8211; CONSEA, conforme previsto no Decreto n\u00ba 7.272\/2010.<\/p>\n<p>Palavras-chave: Pol\u00edtica Nacional, Plano<\/p>\n<p>&nbsp;<\/p>\n<p><\/p>\n","protected":false},"excerpt":{"rendered":"<p>Resumo: Apresenta os resultados do amplo processo de revis\u00e3o do Plano Nacional de Seguran\u00e7a Alimentar e Nutricional &#8211; PLANSAN com base no monitoramento da sua execu\u00e7\u00e3o e nas propostas do Conselho Nacional de Seguran\u00e7a Alimentar e Nutricional &#8211; CONSEA, conforme previsto no Decreto n\u00ba 7.272\/2010. Palavras-chave: Pol\u00edtica Nacional, Plano &nbsp;<\/p>\n","protected":false},"author":4,"featured_media":29081,"menu_order":0,"comment_status":"closed","ping_status":"open","template":"","format":"standard","meta":{"_daextam_enable_autolinks":"","footnotes":""},"tags":[35,7],"editorias":[11],"colecoes":[],"tipodeestante":[44],"edicaodehome":[],"class_list":["post-30010","estante","type-estante","status-publish","format-standard","has-post-thumbnail","hentry","tag-plano","tag-politica-nacional","editorias-seguranca-alimentar","tipodeestante-livros"],"_links":{"self":[{"href":"https:\/\/fpabramo.org.br\/acervosocial\/wp-json\/wp\/v2\/estante\/30010","targetHints":{"allow":["GET"]}}],"collection":[{"href":"https:\/\/fpabramo.org.br\/acervosocial\/wp-json\/wp\/v2\/estante"}],"about":[{"href":"https:\/\/fpabramo.org.br\/acervosocial\/wp-json\/wp\/v2\/types\/estante"}],"author":[{"embeddable":true,"href":"https:\/\/fpabramo.org.br\/acervosocial\/wp-json\/wp\/v2\/users\/4"}],"replies":[{"embeddable":true,"href":"https:\/\/fpabramo.org.br\/acervosocial\/wp-json\/wp\/v2\/comments?post=30010"}],"version-history":[{"count":2,"href":"https:\/\/fpabramo.org.br\/acervosocial\/wp-json\/wp\/v2\/estante\/30010\/revisions"}],"predecessor-version":[{"id":31088,"href":"https:\/\/fpabramo.org.br\/acervosocial\/wp-json\/wp\/v2\/estante\/30010\/revisions\/31088"}],"wp:featuredmedia":[{"embeddable":true,"href":"https:\/\/fpabramo.org.br\/acervosocial\/wp-json\/wp\/v2\/media\/29081"}],"wp:attachment":[{"href":"https:\/\/fpabramo.org.br\/acervosocial\/wp-json\/wp\/v2\/media?parent=30010"}],"wp:term":[{"taxonomy":"post_tag","embeddable":true,"href":"https:\/\/fpabramo.org.br\/acervosocial\/wp-json\/wp\/v2\/tags?post=30010"},{"taxonomy":"editorias","embeddable":true,"href":"https:\/\/fpabramo.org.br\/acervosocial\/wp-json\/wp\/v2\/editorias?post=30010"},{"taxonomy":"colecoes","embeddable":true,"href":"https:\/\/fpabramo.org.br\/acervosocial\/wp-json\/wp\/v2\/colecoes?post=30010"},{"taxonomy":"tipodeestante","embeddable":true,"href":"https:\/\/fpabramo.org.br\/acervosocial\/wp-json\/wp\/v2\/tipodeestante?post=30010"},{"taxonomy":"edicaodehome","embeddable":true,"href":"https:\/\/fpabramo.org.br\/acervosocial\/wp-json\/wp\/v2\/edicaodehome?post=30010"}],"curies":[{"name":"wp","href":"https:\/\/api.w.org\/{rel}","templated":true}]}}

Plano Nacional de Segurança Alimentar e Nutricional – 2012/2015

<p> </p>
<p>Resumo: Apresenta os resultados do amplo processo de revisão do Plano Nacional de Segurança Alimentar e Nutricional &#8211; PLANSAN com base no monitoramento da sua execução e nas propostas do Conselho Nacional de Segurança Alimentar e Nutricional &#8211; CONSEA, conforme previsto no Decreto nº 7.272/2010.</p>
<p>Palavras-chave: Política Nacional, Plano</p>
<p>&nbsp;</p>
<p></p>

<p>Resumo: Apresenta os resultados do amplo processo de revisão do Plano Nacional de Segurança Alimentar e Nutricional &#8211; PLANSAN com base no monitoramento da sua execução e nas propostas do Conselho Nacional de Segurança Alimentar e Nutricional &#8211; CONSEA, conforme previsto no Decreto nº 7.272/2010. Palavras-chave: Política Nacional, Plano &nbsp;</p>
