{"id":29995,"date":"2017-09-04T12:22:44","date_gmt":"2017-09-04T15:22:44","guid":{"rendered":"https:\/\/fpabramo.org.br\/acervosocial\/?post_type=estante&#038;p=29995"},"modified":"2021-11-25T17:11:11","modified_gmt":"2021-11-25T20:11:11","slug":"avaliacao-qualitativa-sobre-o-programa-p12","status":"publish","type":"estante","link":"https:\/\/fpabramo.org.br\/acervosocial\/estante\/avaliacao-qualitativa-sobre-o-programa-p12\/","title":{"rendered":"Avalia\u00e7\u00e3o Qualitativa sobre o Programa P1+2"},"content":{"rendered":"<p> <\/p>\n<p>Resumo: Apresenta os resultados da pesquisa que avaliou a implementa\u00e7\u00e3o e a percep\u00e7\u00e3o dos resultados do Programa P1+2.<\/p>\n<p>Palavras-chave:\u00a0 Pesquisa, \u00c1gua, Cisternas<\/p>\n<p><\/p>\n","protected":false},"excerpt":{"rendered":"<p>Resumo: Apresenta os resultados da pesquisa que avaliou a implementa\u00e7\u00e3o e a percep\u00e7\u00e3o dos resultados do Programa P1+2. Palavras-chave:\u00a0 Pesquisa, \u00c1gua, Cisternas<\/p>\n","protected":false},"author":4,"featured_media":29074,"menu_order":0,"comment_status":"closed","ping_status":"open","template":"","format":"standard","meta":{"_daextam_enable_autolinks":"","footnotes":""},"tags":[223,200,18],"editorias":[11],"colecoes":[],"tipodeestante":[],"edicaodehome":[],"class_list":["post-29995","estante","type-estante","status-publish","format-standard","has-post-thumbnail","hentry","tag-agua","tag-cisternas","tag-pesquisa","editorias-seguranca-alimentar"],"_links":{"self":[{"href":"https:\/\/fpabramo.org.br\/acervosocial\/wp-json\/wp\/v2\/estante\/29995","targetHints":{"allow":["GET"]}}],"collection":[{"href":"https:\/\/fpabramo.org.br\/acervosocial\/wp-json\/wp\/v2\/estante"}],"about":[{"href":"https:\/\/fpabramo.org.br\/acervosocial\/wp-json\/wp\/v2\/types\/estante"}],"author":[{"embeddable":true,"href":"https:\/\/fpabramo.org.br\/acervosocial\/wp-json\/wp\/v2\/users\/4"}],"replies":[{"embeddable":true,"href":"https:\/\/fpabramo.org.br\/acervosocial\/wp-json\/wp\/v2\/comments?post=29995"}],"version-history":[{"count":2,"href":"https:\/\/fpabramo.org.br\/acervosocial\/wp-json\/wp\/v2\/estante\/29995\/revisions"}],"predecessor-version":[{"id":31275,"href":"https:\/\/fpabramo.org.br\/acervosocial\/wp-json\/wp\/v2\/estante\/29995\/revisions\/31275"}],"wp:featuredmedia":[{"embeddable":true,"href":"https:\/\/fpabramo.org.br\/acervosocial\/wp-json\/wp\/v2\/media\/29074"}],"wp:attachment":[{"href":"https:\/\/fpabramo.org.br\/acervosocial\/wp-json\/wp\/v2\/media?parent=29995"}],"wp:term":[{"taxonomy":"post_tag","embeddable":true,"href":"https:\/\/fpabramo.org.br\/acervosocial\/wp-json\/wp\/v2\/tags?post=29995"},{"taxonomy":"editorias","embeddable":true,"href":"https:\/\/fpabramo.org.br\/acervosocial\/wp-json\/wp\/v2\/editorias?post=29995"},{"taxonomy":"colecoes","embeddable":true,"href":"https:\/\/fpabramo.org.br\/acervosocial\/wp-json\/wp\/v2\/colecoes?post=29995"},{"taxonomy":"tipodeestante","embeddable":true,"href":"https:\/\/fpabramo.org.br\/acervosocial\/wp-json\/wp\/v2\/tipodeestante?post=29995"},{"taxonomy":"edicaodehome","embeddable":true,"href":"https:\/\/fpabramo.org.br\/acervosocial\/wp-json\/wp\/v2\/edicaodehome?post=29995"}],"curies":[{"name":"wp","href":"https:\/\/api.w.org\/{rel}","templated":true}]}}

Avaliação Qualitativa sobre o Programa P1+2

<p> </p>
<p>Resumo: Apresenta os resultados da pesquisa que avaliou a implementação e a percepção dos resultados do Programa P1+2.</p>
<p>Palavras-chave:  Pesquisa, Água, Cisternas</p>
<p></p>

<p>Resumo: Apresenta os resultados da pesquisa que avaliou a implementação e a percepção dos resultados do Programa P1+2. Palavras-chave:  Pesquisa, Água, Cisternas</p>
