{"id":29758,"date":"2017-08-30T14:33:53","date_gmt":"2017-08-30T17:33:53","guid":{"rendered":"https:\/\/fpabramo.org.br\/acervosocial\/?post_type=estante&#038;p=29758"},"modified":"2022-04-12T17:30:30","modified_gmt":"2022-04-12T20:30:30","slug":"dados-dos-programas-do-ministerio-do-desenvolvimento-social-e-combate-fome-2004","status":"publish","type":"estante","link":"https:\/\/fpabramo.org.br\/acervosocial\/estante\/dados-dos-programas-do-ministerio-do-desenvolvimento-social-e-combate-fome-2004\/","title":{"rendered":"Dados dos Programas do Minist\u00e9rio do Desenvolvimento Social e Combate \u00e0 Fome 2004"},"content":{"rendered":"<p><\/p>\n<p>Resumo: Apresenta dados dos programas do MDS com o objetivo de oferecer transpar\u00eancia e presta\u00e7\u00e3o de contas.<\/p>\n<p>Palavras-chave: Programas<\/p>\n<p><\/p>\n","protected":false},"excerpt":{"rendered":"<p>Resumo: Apresenta dados dos programas do MDS com o objetivo de oferecer transpar\u00eancia e presta\u00e7\u00e3o de contas. Palavras-chave: Programas<\/p>\n","protected":false},"author":4,"featured_media":28984,"menu_order":0,"comment_status":"closed","ping_status":"open","template":"","format":"standard","meta":{"_daextam_enable_autolinks":"","footnotes":""},"tags":[162],"editorias":[169],"colecoes":[],"tipodeestante":[44],"edicaodehome":[],"class_list":["post-29758","estante","type-estante","status-publish","format-standard","has-post-thumbnail","hentry","tag-programas","editorias-monitoramento","tipodeestante-livros"],"_links":{"self":[{"href":"https:\/\/fpabramo.org.br\/acervosocial\/wp-json\/wp\/v2\/estante\/29758","targetHints":{"allow":["GET"]}}],"collection":[{"href":"https:\/\/fpabramo.org.br\/acervosocial\/wp-json\/wp\/v2\/estante"}],"about":[{"href":"https:\/\/fpabramo.org.br\/acervosocial\/wp-json\/wp\/v2\/types\/estante"}],"author":[{"embeddable":true,"href":"https:\/\/fpabramo.org.br\/acervosocial\/wp-json\/wp\/v2\/users\/4"}],"replies":[{"embeddable":true,"href":"https:\/\/fpabramo.org.br\/acervosocial\/wp-json\/wp\/v2\/comments?post=29758"}],"version-history":[{"count":2,"href":"https:\/\/fpabramo.org.br\/acervosocial\/wp-json\/wp\/v2\/estante\/29758\/revisions"}],"predecessor-version":[{"id":31373,"href":"https:\/\/fpabramo.org.br\/acervosocial\/wp-json\/wp\/v2\/estante\/29758\/revisions\/31373"}],"wp:featuredmedia":[{"embeddable":true,"href":"https:\/\/fpabramo.org.br\/acervosocial\/wp-json\/wp\/v2\/media\/28984"}],"wp:attachment":[{"href":"https:\/\/fpabramo.org.br\/acervosocial\/wp-json\/wp\/v2\/media?parent=29758"}],"wp:term":[{"taxonomy":"post_tag","embeddable":true,"href":"https:\/\/fpabramo.org.br\/acervosocial\/wp-json\/wp\/v2\/tags?post=29758"},{"taxonomy":"editorias","embeddable":true,"href":"https:\/\/fpabramo.org.br\/acervosocial\/wp-json\/wp\/v2\/editorias?post=29758"},{"taxonomy":"colecoes","embeddable":true,"href":"https:\/\/fpabramo.org.br\/acervosocial\/wp-json\/wp\/v2\/colecoes?post=29758"},{"taxonomy":"tipodeestante","embeddable":true,"href":"https:\/\/fpabramo.org.br\/acervosocial\/wp-json\/wp\/v2\/tipodeestante?post=29758"},{"taxonomy":"edicaodehome","embeddable":true,"href":"https:\/\/fpabramo.org.br\/acervosocial\/wp-json\/wp\/v2\/edicaodehome?post=29758"}],"curies":[{"name":"wp","href":"https:\/\/api.w.org\/{rel}","templated":true}]}}

Dados dos Programas do Ministério do Desenvolvimento Social e Combate à Fome 2004

<p></p>
<p>Resumo: Apresenta dados dos programas do MDS com o objetivo de oferecer transparência e prestação de contas.</p>
<p>Palavras-chave: Programas</p>
<p></p>

<p>Resumo: Apresenta dados dos programas do MDS com o objetivo de oferecer transparência e prestação de contas. Palavras-chave: Programas</p>
