{"id":29719,"date":"2017-08-30T11:32:21","date_gmt":"2017-08-30T14:32:21","guid":{"rendered":"https:\/\/fpabramo.org.br\/acervosocial\/?post_type=estante&#038;p=29719"},"modified":"2021-11-10T06:22:42","modified_gmt":"2021-11-10T09:22:42","slug":"pronatec-brasil-sem-miseria","status":"publish","type":"estante","link":"https:\/\/fpabramo.org.br\/acervosocial\/estante\/pronatec-brasil-sem-miseria\/","title":{"rendered":"PRONATEC Brasil Sem Mis\u00e9ria"},"content":{"rendered":"<p> <\/p>\n<p>Resumo: Apoia os gestores municipais e estaduais que garantem o acesso de milhares de brasileiras e brasileiros aos cursos de qualifica\u00e7\u00e3o profissional do Programa Nacional de Acesso ao Ensino T\u00e9cnico e ao Emprego (PRONATEC).<\/p>\n<p>Palavras-chave: Brasil Sem Mis\u00e9ria, Pronatec<\/p>\n<p><\/p>\n","protected":false},"excerpt":{"rendered":"<p>Resumo: Apoia os gestores municipais e estaduais que garantem o acesso de milhares de brasileiras e brasileiros aos cursos de qualifica\u00e7\u00e3o profissional do Programa Nacional de Acesso ao Ensino T\u00e9cnico e ao Emprego (PRONATEC). Palavras-chave: Brasil Sem Mis\u00e9ria, Pronatec<\/p>\n","protected":false},"author":4,"featured_media":28965,"menu_order":0,"comment_status":"closed","ping_status":"open","template":"","format":"standard","meta":{"_daextam_enable_autolinks":"","footnotes":""},"tags":[96,147],"editorias":[13],"colecoes":[],"tipodeestante":[44],"edicaodehome":[],"class_list":["post-29719","estante","type-estante","status-publish","format-standard","has-post-thumbnail","hentry","tag-brasil-sem-miseria","tag-pronatec","editorias-inclusao-produtiva","tipodeestante-livros"],"_links":{"self":[{"href":"https:\/\/fpabramo.org.br\/acervosocial\/wp-json\/wp\/v2\/estante\/29719","targetHints":{"allow":["GET"]}}],"collection":[{"href":"https:\/\/fpabramo.org.br\/acervosocial\/wp-json\/wp\/v2\/estante"}],"about":[{"href":"https:\/\/fpabramo.org.br\/acervosocial\/wp-json\/wp\/v2\/types\/estante"}],"author":[{"embeddable":true,"href":"https:\/\/fpabramo.org.br\/acervosocial\/wp-json\/wp\/v2\/users\/4"}],"replies":[{"embeddable":true,"href":"https:\/\/fpabramo.org.br\/acervosocial\/wp-json\/wp\/v2\/comments?post=29719"}],"version-history":[{"count":3,"href":"https:\/\/fpabramo.org.br\/acervosocial\/wp-json\/wp\/v2\/estante\/29719\/revisions"}],"predecessor-version":[{"id":30974,"href":"https:\/\/fpabramo.org.br\/acervosocial\/wp-json\/wp\/v2\/estante\/29719\/revisions\/30974"}],"wp:featuredmedia":[{"embeddable":true,"href":"https:\/\/fpabramo.org.br\/acervosocial\/wp-json\/wp\/v2\/media\/28965"}],"wp:attachment":[{"href":"https:\/\/fpabramo.org.br\/acervosocial\/wp-json\/wp\/v2\/media?parent=29719"}],"wp:term":[{"taxonomy":"post_tag","embeddable":true,"href":"https:\/\/fpabramo.org.br\/acervosocial\/wp-json\/wp\/v2\/tags?post=29719"},{"taxonomy":"editorias","embeddable":true,"href":"https:\/\/fpabramo.org.br\/acervosocial\/wp-json\/wp\/v2\/editorias?post=29719"},{"taxonomy":"colecoes","embeddable":true,"href":"https:\/\/fpabramo.org.br\/acervosocial\/wp-json\/wp\/v2\/colecoes?post=29719"},{"taxonomy":"tipodeestante","embeddable":true,"href":"https:\/\/fpabramo.org.br\/acervosocial\/wp-json\/wp\/v2\/tipodeestante?post=29719"},{"taxonomy":"edicaodehome","embeddable":true,"href":"https:\/\/fpabramo.org.br\/acervosocial\/wp-json\/wp\/v2\/edicaodehome?post=29719"}],"curies":[{"name":"wp","href":"https:\/\/api.w.org\/{rel}","templated":true}]}}

PRONATEC Brasil Sem Miséria

<p> </p>
<p>Resumo: Apoia os gestores municipais e estaduais que garantem o acesso de milhares de brasileiras e brasileiros aos cursos de qualificação profissional do Programa Nacional de Acesso ao Ensino Técnico e ao Emprego (PRONATEC).</p>
<p>Palavras-chave: Brasil Sem Miséria, Pronatec</p>
<p></p>

<p>Resumo: Apoia os gestores municipais e estaduais que garantem o acesso de milhares de brasileiras e brasileiros aos cursos de qualificação profissional do Programa Nacional de Acesso ao Ensino Técnico e ao Emprego (PRONATEC). Palavras-chave: Brasil Sem Miséria, Pronatec</p>
