{"id":29454,"date":"2017-08-28T17:02:33","date_gmt":"2017-08-28T20:02:33","guid":{"rendered":"https:\/\/fpabramo.org.br\/acervosocial\/?post_type=estante&#038;p=29454"},"modified":"2021-11-09T18:53:16","modified_gmt":"2021-11-09T21:53:16","slug":"centro-pop-suas-e-populacao-em-situacao-de-rua-v-3","status":"publish","type":"estante","link":"https:\/\/fpabramo.org.br\/acervosocial\/estante\/centro-pop-suas-e-populacao-em-situacao-de-rua-v-3\/","title":{"rendered":"Centro POP: SUAS e popula\u00e7\u00e3o em situa\u00e7\u00e3o de rua \u2013 v.3"},"content":{"rendered":"<p><\/p>\n<p>Resumo: Tem por finalidade orientar, em todo o territ\u00f3rio nacional, a gest\u00e3o do Centro POP e a oferta qualificada do Servi\u00e7o.<\/p>\n<p>Palavras-chave: Popula\u00e7\u00e3o em Situa\u00e7\u00e3o de Rua; Centro; SUAS<\/p>\n<p><\/p>\n","protected":false},"excerpt":{"rendered":"<p>Resumo: Tem por finalidade orientar, em todo o territ\u00f3rio nacional, a gest\u00e3o do Centro POP e a oferta qualificada do Servi\u00e7o. Palavras-chave: Popula\u00e7\u00e3o em Situa\u00e7\u00e3o de Rua; Centro; SUAS<\/p>\n","protected":false},"author":4,"featured_media":28855,"menu_order":0,"comment_status":"closed","ping_status":"open","template":"","format":"standard","meta":{"_daextam_enable_autolinks":"","footnotes":""},"tags":[83,39,9],"editorias":[12],"colecoes":[],"tipodeestante":[44],"edicaodehome":[],"class_list":["post-29454","estante","type-estante","status-publish","format-standard","has-post-thumbnail","hentry","tag-centro","tag-populacao-em-situacao-de-rua","tag-suas","editorias-assistencia-social","tipodeestante-livros"],"_links":{"self":[{"href":"https:\/\/fpabramo.org.br\/acervosocial\/wp-json\/wp\/v2\/estante\/29454","targetHints":{"allow":["GET"]}}],"collection":[{"href":"https:\/\/fpabramo.org.br\/acervosocial\/wp-json\/wp\/v2\/estante"}],"about":[{"href":"https:\/\/fpabramo.org.br\/acervosocial\/wp-json\/wp\/v2\/types\/estante"}],"author":[{"embeddable":true,"href":"https:\/\/fpabramo.org.br\/acervosocial\/wp-json\/wp\/v2\/users\/4"}],"replies":[{"embeddable":true,"href":"https:\/\/fpabramo.org.br\/acervosocial\/wp-json\/wp\/v2\/comments?post=29454"}],"version-history":[{"count":2,"href":"https:\/\/fpabramo.org.br\/acervosocial\/wp-json\/wp\/v2\/estante\/29454\/revisions"}],"predecessor-version":[{"id":30892,"href":"https:\/\/fpabramo.org.br\/acervosocial\/wp-json\/wp\/v2\/estante\/29454\/revisions\/30892"}],"wp:featuredmedia":[{"embeddable":true,"href":"https:\/\/fpabramo.org.br\/acervosocial\/wp-json\/wp\/v2\/media\/28855"}],"wp:attachment":[{"href":"https:\/\/fpabramo.org.br\/acervosocial\/wp-json\/wp\/v2\/media?parent=29454"}],"wp:term":[{"taxonomy":"post_tag","embeddable":true,"href":"https:\/\/fpabramo.org.br\/acervosocial\/wp-json\/wp\/v2\/tags?post=29454"},{"taxonomy":"editorias","embeddable":true,"href":"https:\/\/fpabramo.org.br\/acervosocial\/wp-json\/wp\/v2\/editorias?post=29454"},{"taxonomy":"colecoes","embeddable":true,"href":"https:\/\/fpabramo.org.br\/acervosocial\/wp-json\/wp\/v2\/colecoes?post=29454"},{"taxonomy":"tipodeestante","embeddable":true,"href":"https:\/\/fpabramo.org.br\/acervosocial\/wp-json\/wp\/v2\/tipodeestante?post=29454"},{"taxonomy":"edicaodehome","embeddable":true,"href":"https:\/\/fpabramo.org.br\/acervosocial\/wp-json\/wp\/v2\/edicaodehome?post=29454"}],"curies":[{"name":"wp","href":"https:\/\/api.w.org\/{rel}","templated":true}]}}

Centro POP: SUAS e população em situação de rua – v.3

<p></p>
<p>Resumo: Tem por finalidade orientar, em todo o território nacional, a gestão do Centro POP e a oferta qualificada do Serviço.</p>
<p>Palavras-chave: População em Situação de Rua; Centro; SUAS</p>
<p></p>

<p>Resumo: Tem por finalidade orientar, em todo o território nacional, a gestão do Centro POP e a oferta qualificada do Serviço. Palavras-chave: População em Situação de Rua; Centro; SUAS</p>
