{"id":29390,"date":"2017-08-28T10:45:37","date_gmt":"2017-08-28T13:45:37","guid":{"rendered":"https:\/\/fpabramo.org.br\/acervosocial\/?post_type=estante&#038;p=29390"},"modified":"2021-11-09T21:13:41","modified_gmt":"2021-11-10T00:13:41","slug":"orientacoes-tecnicas-servicos-de-acolhimento-para-criancas-e-adolescentes","status":"publish","type":"estante","link":"https:\/\/fpabramo.org.br\/acervosocial\/estante\/orientacoes-tecnicas-servicos-de-acolhimento-para-criancas-e-adolescentes\/","title":{"rendered":"Orienta\u00e7\u00f5es T\u00e9cnicas: servi\u00e7os de acolhimento para crian\u00e7as e adolescentes"},"content":{"rendered":"<p><\/p>\n<p>Resumo: Aprova o documento Orienta\u00e7\u00f5es T\u00e9cnicas: Servi\u00e7os de Acolhimento para Crian\u00e7as e Adolescentes.<\/p>\n<p>Palavras-chave: Acolhimento; Inf\u00e2ncia; Adolesc\u00eancia<\/p>\n<p><\/p>\n","protected":false},"excerpt":{"rendered":"<p>Resumo: Aprova o documento Orienta\u00e7\u00f5es T\u00e9cnicas: Servi\u00e7os de Acolhimento para Crian\u00e7as e Adolescentes. Palavras-chave: Acolhimento; Inf\u00e2ncia; Adolesc\u00eancia<\/p>\n","protected":false},"author":4,"featured_media":28830,"menu_order":0,"comment_status":"closed","ping_status":"open","template":"","format":"standard","meta":{"_daextam_enable_autolinks":"","footnotes":""},"tags":[],"editorias":[12],"colecoes":[],"tipodeestante":[44],"edicaodehome":[],"class_list":["post-29390","estante","type-estante","status-publish","format-standard","has-post-thumbnail","hentry","editorias-assistencia-social","tipodeestante-livros"],"_links":{"self":[{"href":"https:\/\/fpabramo.org.br\/acervosocial\/wp-json\/wp\/v2\/estante\/29390","targetHints":{"allow":["GET"]}}],"collection":[{"href":"https:\/\/fpabramo.org.br\/acervosocial\/wp-json\/wp\/v2\/estante"}],"about":[{"href":"https:\/\/fpabramo.org.br\/acervosocial\/wp-json\/wp\/v2\/types\/estante"}],"author":[{"embeddable":true,"href":"https:\/\/fpabramo.org.br\/acervosocial\/wp-json\/wp\/v2\/users\/4"}],"replies":[{"embeddable":true,"href":"https:\/\/fpabramo.org.br\/acervosocial\/wp-json\/wp\/v2\/comments?post=29390"}],"version-history":[{"count":2,"href":"https:\/\/fpabramo.org.br\/acervosocial\/wp-json\/wp\/v2\/estante\/29390\/revisions"}],"predecessor-version":[{"id":30916,"href":"https:\/\/fpabramo.org.br\/acervosocial\/wp-json\/wp\/v2\/estante\/29390\/revisions\/30916"}],"wp:featuredmedia":[{"embeddable":true,"href":"https:\/\/fpabramo.org.br\/acervosocial\/wp-json\/wp\/v2\/media\/28830"}],"wp:attachment":[{"href":"https:\/\/fpabramo.org.br\/acervosocial\/wp-json\/wp\/v2\/media?parent=29390"}],"wp:term":[{"taxonomy":"post_tag","embeddable":true,"href":"https:\/\/fpabramo.org.br\/acervosocial\/wp-json\/wp\/v2\/tags?post=29390"},{"taxonomy":"editorias","embeddable":true,"href":"https:\/\/fpabramo.org.br\/acervosocial\/wp-json\/wp\/v2\/editorias?post=29390"},{"taxonomy":"colecoes","embeddable":true,"href":"https:\/\/fpabramo.org.br\/acervosocial\/wp-json\/wp\/v2\/colecoes?post=29390"},{"taxonomy":"tipodeestante","embeddable":true,"href":"https:\/\/fpabramo.org.br\/acervosocial\/wp-json\/wp\/v2\/tipodeestante?post=29390"},{"taxonomy":"edicaodehome","embeddable":true,"href":"https:\/\/fpabramo.org.br\/acervosocial\/wp-json\/wp\/v2\/edicaodehome?post=29390"}],"curies":[{"name":"wp","href":"https:\/\/api.w.org\/{rel}","templated":true}]}}

Orientações Técnicas: serviços de acolhimento para crianças e adolescentes

<p></p>
<p>Resumo: Aprova o documento Orientações Técnicas: Serviços de Acolhimento para Crianças e Adolescentes.</p>
<p>Palavras-chave: Acolhimento; Infância; Adolescência</p>
<p></p>

<p>Resumo: Aprova o documento Orientações Técnicas: Serviços de Acolhimento para Crianças e Adolescentes. Palavras-chave: Acolhimento; Infância; Adolescência</p>
