{"id":29373,"date":"2017-08-27T16:20:13","date_gmt":"2017-08-27T19:20:13","guid":{"rendered":"https:\/\/fpabramo.org.br\/acervosocial\/?post_type=estante&#038;p=29373"},"modified":"2021-11-10T04:23:06","modified_gmt":"2021-11-10T07:23:06","slug":"concepcao-e-gestao-da-protecao-social-nao-contributiva-no-brasil","status":"publish","type":"estante","link":"https:\/\/fpabramo.org.br\/acervosocial\/estante\/concepcao-e-gestao-da-protecao-social-nao-contributiva-no-brasil\/","title":{"rendered":"Concep\u00e7\u00e3o e Gest\u00e3o da Prote\u00e7\u00e3o Social N\u00e3o Contributiva no Brasil"},"content":{"rendered":"<p><\/p>\n<p>Resumo: Os artigos buscam estabelecer uma ponte entre a teoria que embasa a pol\u00edtica de desenvolvimento social e a pr\u00e1tica institucional materializada no SUAS e no Programa Bolsa Fam\u00edlia.<\/p>\n<p>Palavras-chave: Gest\u00e3o; Prote\u00e7\u00e3o Social n\u00e3o Contributiva<\/p>\n<p><\/p>\n","protected":false},"excerpt":{"rendered":"<p>Resumo: Os artigos buscam estabelecer uma ponte entre a teoria que embasa a pol\u00edtica de desenvolvimento social e a pr\u00e1tica institucional materializada no SUAS e no Programa Bolsa Fam\u00edlia. Palavras-chave: Gest\u00e3o; Prote\u00e7\u00e3o Social n\u00e3o Contributiva<\/p>\n","protected":false},"author":4,"featured_media":28822,"menu_order":0,"comment_status":"closed","ping_status":"open","template":"","format":"standard","meta":{"_daextam_enable_autolinks":"","footnotes":""},"tags":[51,59],"editorias":[12,15],"colecoes":[],"tipodeestante":[44],"edicaodehome":[],"class_list":["post-29373","estante","type-estante","status-publish","format-standard","has-post-thumbnail","hentry","tag-gestao","tag-protecao-social-nao-contributiva","editorias-assistencia-social","editorias-mds","tipodeestante-livros"],"_links":{"self":[{"href":"https:\/\/fpabramo.org.br\/acervosocial\/wp-json\/wp\/v2\/estante\/29373","targetHints":{"allow":["GET"]}}],"collection":[{"href":"https:\/\/fpabramo.org.br\/acervosocial\/wp-json\/wp\/v2\/estante"}],"about":[{"href":"https:\/\/fpabramo.org.br\/acervosocial\/wp-json\/wp\/v2\/types\/estante"}],"author":[{"embeddable":true,"href":"https:\/\/fpabramo.org.br\/acervosocial\/wp-json\/wp\/v2\/users\/4"}],"replies":[{"embeddable":true,"href":"https:\/\/fpabramo.org.br\/acervosocial\/wp-json\/wp\/v2\/comments?post=29373"}],"version-history":[{"count":3,"href":"https:\/\/fpabramo.org.br\/acervosocial\/wp-json\/wp\/v2\/estante\/29373\/revisions"}],"predecessor-version":[{"id":30967,"href":"https:\/\/fpabramo.org.br\/acervosocial\/wp-json\/wp\/v2\/estante\/29373\/revisions\/30967"}],"wp:featuredmedia":[{"embeddable":true,"href":"https:\/\/fpabramo.org.br\/acervosocial\/wp-json\/wp\/v2\/media\/28822"}],"wp:attachment":[{"href":"https:\/\/fpabramo.org.br\/acervosocial\/wp-json\/wp\/v2\/media?parent=29373"}],"wp:term":[{"taxonomy":"post_tag","embeddable":true,"href":"https:\/\/fpabramo.org.br\/acervosocial\/wp-json\/wp\/v2\/tags?post=29373"},{"taxonomy":"editorias","embeddable":true,"href":"https:\/\/fpabramo.org.br\/acervosocial\/wp-json\/wp\/v2\/editorias?post=29373"},{"taxonomy":"colecoes","embeddable":true,"href":"https:\/\/fpabramo.org.br\/acervosocial\/wp-json\/wp\/v2\/colecoes?post=29373"},{"taxonomy":"tipodeestante","embeddable":true,"href":"https:\/\/fpabramo.org.br\/acervosocial\/wp-json\/wp\/v2\/tipodeestante?post=29373"},{"taxonomy":"edicaodehome","embeddable":true,"href":"https:\/\/fpabramo.org.br\/acervosocial\/wp-json\/wp\/v2\/edicaodehome?post=29373"}],"curies":[{"name":"wp","href":"https:\/\/api.w.org\/{rel}","templated":true}]}}

Concepção e Gestão da Proteção Social Não Contributiva no Brasil

<p></p>
<p>Resumo: Os artigos buscam estabelecer uma ponte entre a teoria que embasa a política de desenvolvimento social e a prática institucional materializada no SUAS e no Programa Bolsa Família.</p>
<p>Palavras-chave: Gestão; Proteção Social não Contributiva</p>
<p></p>

<p>Resumo: Os artigos buscam estabelecer uma ponte entre a teoria que embasa a política de desenvolvimento social e a prática institucional materializada no SUAS e no Programa Bolsa Família. Palavras-chave: Gestão; Proteção Social não Contributiva</p>
