{"id":29256,"date":"2017-08-25T17:18:34","date_gmt":"2017-08-25T20:18:34","guid":{"rendered":"https:\/\/fpabramo.org.br\/acervosocial\/?post_type=estante&#038;p=29256"},"modified":"2022-07-14T14:50:17","modified_gmt":"2022-07-14T17:50:17","slug":"levantamento-de-beneficiarios-do-programa-de-erradicacao-do-trabalho-infantil","status":"publish","type":"estante","link":"https:\/\/fpabramo.org.br\/acervosocial\/estante\/levantamento-de-beneficiarios-do-programa-de-erradicacao-do-trabalho-infantil\/","title":{"rendered":"Levantamento de Benefici\u00e1rios do Programa de Erradica\u00e7\u00e3o do Trabalho Infantil"},"content":{"rendered":"<p><\/p>\n<p>Resumo: Apresenta a coleta de um conjunto m\u00ednimo de informa\u00e7\u00f5es a respeito dos benefici\u00e1rios do PETI junto \u00e0s prefeituras de 2.788 munic\u00edpios que estavam implementando o programa no momento da pesquisa.<\/p>\n<p>Palavras-chave: PETI; Benefici\u00e1rios<\/p>\n<p>&nbsp;<\/p>\n<p><\/p>\n","protected":false},"excerpt":{"rendered":"<p>Resumo: Apresenta a coleta de um conjunto m\u00ednimo de informa\u00e7\u00f5es a respeito dos benefici\u00e1rios do PETI junto \u00e0s prefeituras de 2.788 munic\u00edpios que estavam implementando o programa no momento da pesquisa. Palavras-chave: PETI; Benefici\u00e1rios &nbsp;<\/p>\n","protected":false},"author":4,"featured_media":28789,"menu_order":0,"comment_status":"closed","ping_status":"open","template":"","format":"standard","meta":{"_daextam_enable_autolinks":"","footnotes":""},"tags":[24,23],"editorias":[12],"colecoes":[],"tipodeestante":[44],"edicaodehome":[],"class_list":["post-29256","estante","type-estante","status-publish","format-standard","has-post-thumbnail","hentry","tag-beneficiarios","tag-peti","editorias-assistencia-social","tipodeestante-livros"],"_links":{"self":[{"href":"https:\/\/fpabramo.org.br\/acervosocial\/wp-json\/wp\/v2\/estante\/29256","targetHints":{"allow":["GET"]}}],"collection":[{"href":"https:\/\/fpabramo.org.br\/acervosocial\/wp-json\/wp\/v2\/estante"}],"about":[{"href":"https:\/\/fpabramo.org.br\/acervosocial\/wp-json\/wp\/v2\/types\/estante"}],"author":[{"embeddable":true,"href":"https:\/\/fpabramo.org.br\/acervosocial\/wp-json\/wp\/v2\/users\/4"}],"replies":[{"embeddable":true,"href":"https:\/\/fpabramo.org.br\/acervosocial\/wp-json\/wp\/v2\/comments?post=29256"}],"version-history":[{"count":2,"href":"https:\/\/fpabramo.org.br\/acervosocial\/wp-json\/wp\/v2\/estante\/29256\/revisions"}],"predecessor-version":[{"id":31390,"href":"https:\/\/fpabramo.org.br\/acervosocial\/wp-json\/wp\/v2\/estante\/29256\/revisions\/31390"}],"wp:featuredmedia":[{"embeddable":true,"href":"https:\/\/fpabramo.org.br\/acervosocial\/wp-json\/wp\/v2\/media\/28789"}],"wp:attachment":[{"href":"https:\/\/fpabramo.org.br\/acervosocial\/wp-json\/wp\/v2\/media?parent=29256"}],"wp:term":[{"taxonomy":"post_tag","embeddable":true,"href":"https:\/\/fpabramo.org.br\/acervosocial\/wp-json\/wp\/v2\/tags?post=29256"},{"taxonomy":"editorias","embeddable":true,"href":"https:\/\/fpabramo.org.br\/acervosocial\/wp-json\/wp\/v2\/editorias?post=29256"},{"taxonomy":"colecoes","embeddable":true,"href":"https:\/\/fpabramo.org.br\/acervosocial\/wp-json\/wp\/v2\/colecoes?post=29256"},{"taxonomy":"tipodeestante","embeddable":true,"href":"https:\/\/fpabramo.org.br\/acervosocial\/wp-json\/wp\/v2\/tipodeestante?post=29256"},{"taxonomy":"edicaodehome","embeddable":true,"href":"https:\/\/fpabramo.org.br\/acervosocial\/wp-json\/wp\/v2\/edicaodehome?post=29256"}],"curies":[{"name":"wp","href":"https:\/\/api.w.org\/{rel}","templated":true}]}}

Levantamento de Beneficiários do Programa de Erradicação do Trabalho Infantil

<p></p>
<p>Resumo: Apresenta a coleta de um conjunto mínimo de informações a respeito dos beneficiários do PETI junto às prefeituras de 2.788 municípios que estavam implementando o programa no momento da pesquisa.</p>
<p>Palavras-chave: PETI; Beneficiários</p>
<p>&nbsp;</p>
<p></p>

<p>Resumo: Apresenta a coleta de um conjunto mínimo de informações a respeito dos beneficiários do PETI junto às prefeituras de 2.788 municípios que estavam implementando o programa no momento da pesquisa. Palavras-chave: PETI; Beneficiários &nbsp;</p>
